{"id":142,"date":"2013-09-05T15:50:36","date_gmt":"2013-09-05T15:50:36","guid":{"rendered":"http:\/\/www.conass.org.br\/conassdebate\/?page_id=142"},"modified":"2015-08-31T12:15:34","modified_gmt":"2015-08-31T12:15:34","slug":"fotos","status":"publish","type":"page","link":"https:\/\/www.conass.org.br\/conassdebate\/?page_id=142","title":{"rendered":"Fotos"},"content":{"rendered":"<p style=\"text-align: center;\"><span style=\"font-size: medium;\"><strong>CONASS Debate &#8211; Inova\u00e7\u00e3o na Aten\u00e7\u00e3o Ambulatorial Especializada<br \/>\n<\/strong><\/span><\/p>\n<p style=\"text-align: left;\"><code>[slickr-flickr tag=\"CONASSDEBATE5\" id=\"60107175@N05\"]<\/code><\/p>\n<p style=\"text-align: left;\"><a href=\"https:\/\/www.flickr.com\/photos\/conass\/albums\/72157656880271371\" target=\"_blank\">Link para o \u00e1lbum no Flickr<\/a><\/p>\n<p style=\"text-align: center;\"><span style=\"font-size: medium;\"><strong>CONASS Debate &#8211; Que sa\u00fade voc\u00ea v\u00ea?<br \/>\n<\/strong><\/span><\/p>\n<p><code>[slickr-flickr tag=\"CONASSDEBATE4\" id=\"60107175@N05\"]<\/code><\/p>\n<p style=\"text-align: left;\"><a href=\"https:\/\/www.flickr.com\/photos\/conass\/sets\/72157649546643571\/\" target=\"_blank\">Link para o \u00e1lbum no Flickr<\/a><\/p>\n<p style=\"text-align: center;\"><span style=\"font-size: medium;\"><strong>CONASS Debate &#8211; A crise contempor\u00e2nea dos modelos de aten\u00e7\u00e3o \u00e0 sa\u00fade<\/strong><\/span><\/p>\n<p><code>[slickr-flickr tag=\"CONASSDEBATE3\" id=\"60107175@N05\"]<\/code><\/p>\n<p><a href=\"https:\/\/www.flickr.com\/photos\/conass\/sets\/72157644685438264\/\" target=\"_blank\">Link para o \u00e1lbum no Flickr<\/a><\/p>\n<p style=\"text-align: center;\"><span style=\"font-size: medium;\"><strong>CONASS Debate &#8211; Caminhos da Sa\u00fade no Brasil<\/strong><\/span><\/p>\n<p><code>[slickr-flickr tag=\"caminhosdasaudenobrasil\" id=\"60107175@N05\"]<\/code><\/p>\n<p><a href=\"http:\/\/www.flickr.com\/photos\/conass\/sets\/72157635890096563\/\" target=\"_blank\">Link para o \u00e1lbum no Flickr<\/a><\/p>\n<p style=\"text-align: center;\"><span style=\"font-size: medium;\"><strong>CONASS Debate &#8211; Sa\u00fade: para onde vai a nova classe m\u00e9dia<\/strong><\/span><\/p>\n<p><code>[slickr-flickr tag=\"conassdebate1\" id=\"60107175@N05\"]<\/code><\/p>\n<p><a href=\"http:\/\/www.flickr.com\/photos\/conass\/sets\/72157633321260590\/\" target=\"_blank\">Link para o \u00e1lbum no Flickr <\/a><\/p>\n","protected":false},"excerpt":{"rendered":"<p>CONASS Debate &#8211; Inova\u00e7\u00e3o na Aten\u00e7\u00e3o Ambulatorial Especializada [slickr-flickr tag=&#8221;CONASSDEBATE5&#8243; id=&#8221;60107175@N05&#8243;] Link para o \u00e1lbum no Flickr CONASS Debate &#8211; Que sa\u00fade voc\u00ea v\u00ea? [slickr-flickr tag=&#8221;CONASSDEBATE4&#8243; id=&#8221;60107175@N05&#8243;] Link para o \u00e1lbum no Flickr CONASS Debate &#8211; A crise contempor\u00e2nea dos modelos de aten\u00e7\u00e3o \u00e0 sa\u00fade [slickr-flickr tag=&#8221;CONASSDEBATE3&#8243; id=&#8221;60107175@N05&#8243;] Link para o \u00e1lbum no Flickr CONASS [&hellip;]<\/p>\n","protected":false},"author":3,"featured_media":0,"parent":0,"menu_order":0,"comment_status":"open","ping_status":"open","template":"","meta":{"footnotes":""},"class_list":["post-142","page","type-page","status-publish","hentry"],"yoast_head":"<!-- This site is optimized with the Yoast SEO plugin v23.6 - https:\/\/yoast.com\/wordpress\/plugins\/seo\/ -->\n<title>Fotos dos semin\u00e1rios CONASS Debate<\/title>\n<meta name=\"description\" content=\"Veja e baixe as fotos dos semin\u00e1rios do projeto CONASS Debate.\" \/>\n<meta name=\"robots\" content=\"index, follow, max-snippet:-1, max-image-preview:large, max-video-preview:-1\" \/>\n<link rel=\"canonical\" href=\"https:\/\/www.conass.org.br\/conassdebate\/?page_id=142\" \/>\n<meta property=\"og:locale\" content=\"pt_BR\" \/>\n<meta property=\"og:type\" content=\"article\" \/>\n<meta property=\"og:title\" content=\"Fotos dos semin\u00e1rios CONASS Debate\" \/>\n<meta property=\"og:description\" content=\"Veja e baixe as fotos dos semin\u00e1rios do projeto CONASS Debate.\" \/>\n<meta property=\"og:url\" content=\"https:\/\/www.conass.org.br\/conassdebate\/?page_id=142\" \/>\n<meta property=\"og:site_name\" content=\"CONASS DEBATE\" \/>\n<meta property=\"article:publisher\" content=\"https:\/\/www.facebook.com\/conassoficial\" \/>\n<meta property=\"article:modified_time\" content=\"2015-08-31T12:15:34+00:00\" \/>\n<meta property=\"og:image\" content=\"https:\/\/www.conass.org.br\/conassdebate\/wp-content\/uploads\/2013\/09\/conass_fb_ig_avatar.jpg\" \/>\n\t<meta property=\"og:image:width\" content=\"612\" \/>\n\t<meta property=\"og:image:height\" content=\"612\" \/>\n\t<meta property=\"og:image:type\" content=\"image\/jpeg\" \/>\n<meta name=\"twitter:label1\" content=\"Est. tempo de leitura\" \/>\n\t<meta name=\"twitter:data1\" content=\"1 minuto\" \/>\n<script type=\"application\/ld+json\" class=\"yoast-schema-graph\">{\"@context\":\"https:\/\/schema.org\",\"@graph\":[{\"@type\":\"WebPage\",\"@id\":\"https:\/\/www.conass.org.br\/conassdebate\/?page_id=142\",\"url\":\"https:\/\/www.conass.org.br\/conassdebate\/?page_id=142\",\"name\":\"Fotos dos semin\u00e1rios CONASS Debate\",\"isPartOf\":{\"@id\":\"https:\/\/www.conass.org.br\/conassdebate\/#website\"},\"datePublished\":\"2013-09-05T15:50:36+00:00\",\"dateModified\":\"2015-08-31T12:15:34+00:00\",\"description\":\"Veja e baixe as fotos dos semin\u00e1rios do projeto CONASS Debate.\",\"inLanguage\":\"pt-BR\",\"potentialAction\":[{\"@type\":\"ReadAction\",\"target\":[\"https:\/\/www.conass.org.br\/conassdebate\/?page_id=142\"]}]},{\"@type\":\"WebSite\",\"@id\":\"https:\/\/www.conass.org.br\/conassdebate\/#website\",\"url\":\"https:\/\/www.conass.org.br\/conassdebate\/\",\"name\":\"CONASS DEBATE\",\"description\":\"Conass - Conselho Nacional dos Secret\u00e1rios de Sa\u00fadeo\",\"potentialAction\":[{\"@type\":\"SearchAction\",\"target\":{\"@type\":\"EntryPoint\",\"urlTemplate\":\"https:\/\/www.conass.org.br\/conassdebate\/?s={search_term_string}\"},\"query-input\":{\"@type\":\"PropertyValueSpecification\",\"valueRequired\":true,\"valueName\":\"search_term_string\"}}],\"inLanguage\":\"pt-BR\"}]}<\/script>\n<!-- \/ Yoast SEO plugin. -->","yoast_head_json":{"title":"Fotos dos semin\u00e1rios CONASS Debate","description":"Veja e baixe as fotos dos semin\u00e1rios do projeto CONASS Debate.","robots":{"index":"index","follow":"follow","max-snippet":"max-snippet:-1","max-image-preview":"max-image-preview:large","max-video-preview":"max-video-preview:-1"},"canonical":"https:\/\/www.conass.org.br\/conassdebate\/?page_id=142","og_locale":"pt_BR","og_type":"article","og_title":"Fotos dos semin\u00e1rios CONASS Debate","og_description":"Veja e baixe as fotos dos semin\u00e1rios do projeto CONASS Debate.","og_url":"https:\/\/www.conass.org.br\/conassdebate\/?page_id=142","og_site_name":"CONASS DEBATE","article_publisher":"https:\/\/www.facebook.com\/conassoficial","article_modified_time":"2015-08-31T12:15:34+00:00","og_image":[{"width":612,"height":612,"url":"https:\/\/www.conass.org.br\/conassdebate\/wp-content\/uploads\/2013\/09\/conass_fb_ig_avatar.jpg","type":"image\/jpeg"}],"twitter_misc":{"Est. tempo de leitura":"1 minuto"},"schema":{"@context":"https:\/\/schema.org","@graph":[{"@type":"WebPage","@id":"https:\/\/www.conass.org.br\/conassdebate\/?page_id=142","url":"https:\/\/www.conass.org.br\/conassdebate\/?page_id=142","name":"Fotos dos semin\u00e1rios CONASS Debate","isPartOf":{"@id":"https:\/\/www.conass.org.br\/conassdebate\/#website"},"datePublished":"2013-09-05T15:50:36+00:00","dateModified":"2015-08-31T12:15:34+00:00","description":"Veja e baixe as fotos dos semin\u00e1rios do projeto CONASS Debate.","inLanguage":"pt-BR","potentialAction":[{"@type":"ReadAction","target":["https:\/\/www.conass.org.br\/conassdebate\/?page_id=142"]}]},{"@type":"WebSite","@id":"https:\/\/www.conass.org.br\/conassdebate\/#website","url":"https:\/\/www.conass.org.br\/conassdebate\/","name":"CONASS DEBATE","description":"Conass - Conselho Nacional dos Secret\u00e1rios de Sa\u00fadeo","potentialAction":[{"@type":"SearchAction","target":{"@type":"EntryPoint","urlTemplate":"https:\/\/www.conass.org.br\/conassdebate\/?s={search_term_string}"},"query-input":{"@type":"PropertyValueSpecification","valueRequired":true,"valueName":"search_term_string"}}],"inLanguage":"pt-BR"}]}},"_links":{"self":[{"href":"https:\/\/www.conass.org.br\/conassdebate\/index.php?rest_route=\/wp\/v2\/pages\/142"}],"collection":[{"href":"https:\/\/www.conass.org.br\/conassdebate\/index.php?rest_route=\/wp\/v2\/pages"}],"about":[{"href":"https:\/\/www.conass.org.br\/conassdebate\/index.php?rest_route=\/wp\/v2\/types\/page"}],"author":[{"embeddable":true,"href":"https:\/\/www.conass.org.br\/conassdebate\/index.php?rest_route=\/wp\/v2\/users\/3"}],"replies":[{"embeddable":true,"href":"https:\/\/www.conass.org.br\/conassdebate\/index.php?rest_route=%2Fwp%2Fv2%2Fcomments&post=142"}],"version-history":[{"count":17,"href":"https:\/\/www.conass.org.br\/conassdebate\/index.php?rest_route=\/wp\/v2\/pages\/142\/revisions"}],"predecessor-version":[{"id":429,"href":"https:\/\/www.conass.org.br\/conassdebate\/index.php?rest_route=\/wp\/v2\/pages\/142\/revisions\/429"}],"wp:attachment":[{"href":"https:\/\/www.conass.org.br\/conassdebate\/index.php?rest_route=%2Fwp%2Fv2%2Fmedia&parent=142"}],"curies":[{"name":"wp","href":"https:\/\/api.w.org\/{rel}","templated":true}]}}