{"id":377,"date":"2014-11-06T11:09:03","date_gmt":"2014-11-06T11:09:03","guid":{"rendered":"http:\/\/www.conass.org.br\/conassdebate\/?page_id=377"},"modified":"2014-11-18T08:58:47","modified_gmt":"2014-11-18T08:58:47","slug":"que-saude-voce-ve","status":"publish","type":"page","link":"https:\/\/www.conass.org.br\/conassdebate\/?page_id=377","title":{"rendered":"Que sa\u00fade voc\u00ea v\u00ea?"},"content":{"rendered":"<p><a href=\"http:\/\/www.conass.org.br\/conassdebate\/wp-content\/uploads\/2014\/11\/banner-rotativo-07.png\"><img loading=\"lazy\" decoding=\"async\" class=\"aligncenter size-full wp-image-385\" src=\"http:\/\/www.conass.org.br\/conassdebate\/wp-content\/uploads\/2014\/11\/banner-rotativo-07.png\" alt=\"banner rotativo-07\" width=\"811\" height=\"391\" srcset=\"https:\/\/www.conass.org.br\/conassdebate\/wp-content\/uploads\/2014\/11\/banner-rotativo-07.png 811w, https:\/\/www.conass.org.br\/conassdebate\/wp-content\/uploads\/2014\/11\/banner-rotativo-07-300x144.png 300w, https:\/\/www.conass.org.br\/conassdebate\/wp-content\/uploads\/2014\/11\/banner-rotativo-07-400x192.png 400w\" sizes=\"(max-width: 811px) 100vw, 811px\" \/><\/a><\/p>\n<p>A sa\u00fade tem sido apontada como prioridade e tamb\u00e9m como principal preocupa\u00e7\u00e3o dos brasileiros, segundo pesquisas realizadas em todo o pa\u00eds nos \u00faltimos anos e cujos resultados se repetem em pesquisas recentes.<\/p>\n<p>Considerando a import\u00e2ncia da comunica\u00e7\u00e3o tanto para a consolida\u00e7\u00e3o do Sistema \u00danico de Sa\u00fade (SUS) no Brasil, quanto para a compreens\u00e3o a respeito da sa\u00fade privada, o Conselho Nacional de Secret\u00e1rios de Sa\u00fade (Conass), em parceria com o Canal Sa\u00fade da Funda\u00e7\u00e3o Oswaldo Cruz, realizar\u00e1 no pr\u00f3ximo 28 de novembro o semin\u00e1rio CONASS Debate \u2013 Que sa\u00fade voc\u00ea v\u00ea? Com o formato de um programa televisivo, o debate permitir\u00e1 a intera\u00e7\u00e3o tanto da plateia quanto dos internautas que acompanhar\u00e3o o evento em tempo real.<\/p>\n<p>Entre os convidados est\u00e3o a rep\u00f3rter Cl\u00e1udia Colucci, da Folha de S\u00e3o Paulo; a pesquisadora da Fiocruz, Inesita Araujo; a produtora dos programas de sa\u00fade da Rede Globo, Fabiane Leite; e o pesquisador da Universidade de Bras\u00edlia (UnB), Murilo C\u00e9sar Ramos. Os debates ser\u00e3o mediados pelo apresentador do Canal Sa\u00fade, Renato Farias.<\/p>\n<p>O evento conta com a participa\u00e7\u00e3o de secret\u00e1rios estaduais de sa\u00fade e suas equipes de comunica\u00e7\u00e3o, comunicadores da sa\u00fade e profissionais da m\u00eddia. A expectative do Conass e do Canal Sa\u00fade \u00e9 refletir sobre as formas como a sa\u00fade (p\u00fablica ou privada) \u00e9 comunicada e, por conseguinte, compreendida pela sociedade brasileira. Estar\u00e1 em debate a imagem do SUS na m\u00eddia, a rela\u00e7\u00e3o entre os gestores de sa\u00fade e a imprensa, o cen\u00e1rio pol\u00edtico da comunica\u00e7\u00e3o no Brasil e seus impactos sobre a sa\u00fade brasileira.<\/p>\n<p>&nbsp;<\/p>\n<p><strong>A comunica\u00e7\u00e3o do SUS<\/strong><\/p>\n<p>&nbsp;<\/p>\n<p>A sa\u00fade \u00e9 tema prevalente em todas as m\u00eddias que divulgam desde as mazelas dos hospitais at\u00e9 dicas de preven\u00e7\u00e3o a doen\u00e7as. Por meio de jornais, revistas, r\u00e1dios, bem como na TV ou nos sites e redes sociais da internet, \u00e9 poss\u00edvel acompanhar a pol\u00edtica de sa\u00fade; conhecer servi\u00e7os e produtos que a ci\u00eancia e o mercado disponibilizam todo o tempo. Esse mosaico de informa\u00e7\u00f5es remete a distintas vis\u00f5es de sa\u00fade e, igualmente, a distintas vis\u00f5es sobre os melhores caminhos para efetiv\u00e1-la.<\/p>\n<p>Mas o texto publicado ou o spot veiculado representam apenas o in\u00edcio do processo. Importa saber a quais p\u00fablicos interessou, como estes p\u00fablicos compreenderam a mensagem e como a ela reagiram, e se reagiram. Cada leitor de jornal, cada espectador de TV, cada internauta d\u00e1 sentido ao que recebe pela m\u00eddia a partir de suas pr\u00f3prias experi\u00eancias e conhecimentos.<\/p>\n<p>Em rela\u00e7\u00e3o ao SUS muitas s\u00e3o as &#8220;comunica\u00e7\u00f5es&#8221;. M\u00eddia, governos e movimentos sociais discutem a sa\u00fade a partir de seus interesses, que variam da necessidade de &#8220;vender&#8221; a not\u00edcia, ao desejo de visibilidade, passando pela miss\u00e3o de informar a popula\u00e7\u00e3o. Em meio a esse emaranhado de discursos que informa\u00e7\u00e3o chega \u00e0 sociedade? A necessidade de resposta a esta pergunta torna a &#8220;Comunica\u00e7\u00e3o em Sa\u00fade&#8221; um tema fundamental.<\/p>\n<p>\u00c9 preciso reconhecer a comunica\u00e7\u00e3o como \u00e1rea estrat\u00e9gica da sa\u00fade e n\u00e3o como um setor que produz folderes ou marca entrevistas. N\u00e3o se trata apenas de \u201cpautar\u201d a imprensa ou \u201cter um furo de reportagem\u201d, mas de estabelecer uma rela\u00e7\u00e3o efetiva entre os profissionais que comunicam a sa\u00fade, independente do lado do balc\u00e3o em que estejam. No horizonte, a perspectiva de uma pol\u00edtica de comunica\u00e7\u00e3o que abranja toda a gest\u00e3o de sa\u00fade no pa\u00eds, refletida tamb\u00e9m na forma\u00e7\u00e3o dos comunicadores brasileiros.<\/p>\n<p>&nbsp;<\/p>\n<hr \/>\n<p>&nbsp;<\/p>\n<p><strong>Programa\u00e7\u00e3o<\/strong><\/p>\n<p><strong>8h00 \u2013 Credenciamento<\/strong><br \/>\n<strong>9h00 \u2013 Abertura<\/strong><br \/>\n&#8211; Arthur Chioro \u2013 ministro de Estado da Sa\u00fade<br \/>\n&#8211; Wilson Alecrim \u2013 presidente do CONASS<br \/>\n&#8211; Antonio Carlos Nardi \u2013 presidente do Conasems<br \/>\n&#8211; Maria do Socorro de Souza \u2013 presidente do Conselho Nacional de Sa\u00fade<br \/>\n&#8211; Joaqu\u00edn Molina \u2013 representante da Opas\/OMS no Brasil<br \/>\n&#8211; Paulo Gadelha \u2013 presidente da Fiocruz<br \/>\n&#8211; Arlindo Gomez \u2013 superintendente do Canal Sa\u00fade<br \/>\n<strong>10h00 \u2013 Unidiversidade<\/strong><br \/>\nPrograma que busca costurar um discurso plural sobre o tema com um formato \u00e1gil e diferente do que se costuma ver na televis\u00e3o. Os participantes da plateia e internautas ser\u00e3o os principais atores do programa, contribuindo com o debate e com a discuss\u00e3o a respeito da Comunica\u00e7\u00e3o em Sa\u00fade<br \/>\n<strong>12h00 \u2013 Almo\u00e7o<\/strong><br \/>\n<strong>13h30 \u2013 Sala de Convidados<\/strong><br \/>\n&#8211; Cl\u00e1udia Collucci \u2013 Folha de S\u00e3o Paulo<br \/>\n&#8211; Fabiane Leite \u2013 Jornalista e produtora de conte\u00fado sobre sa\u00fade<br \/>\n&#8211; Inesita Ara\u00fajo \u2013 ICICT\/ Fiocruz<br \/>\n&#8211; Murilo C\u00e9sar Ramos \u2013 Universidade de Bras\u00edlia (UnB)<br \/>\n<strong>15h30 \u2013 Sistematiza\u00e7\u00e3o das Discuss\u00f5es<\/strong><br \/>\n<strong>16h00 \u2013 Encerramento<\/strong><\/p>\n","protected":false},"excerpt":{"rendered":"<p>A sa\u00fade tem sido apontada como prioridade e tamb\u00e9m como principal preocupa\u00e7\u00e3o dos brasileiros, segundo pesquisas realizadas em todo o pa\u00eds nos \u00faltimos anos e cujos resultados se repetem em pesquisas recentes. Considerando a import\u00e2ncia da comunica\u00e7\u00e3o tanto para a consolida\u00e7\u00e3o do Sistema \u00danico de Sa\u00fade (SUS) no Brasil, quanto para a compreens\u00e3o a respeito [&hellip;]<\/p>\n","protected":false},"author":3,"featured_media":0,"parent":0,"menu_order":0,"comment_status":"open","ping_status":"open","template":"","meta":{"footnotes":""},"class_list":["post-377","page","type-page","status-publish","hentry"],"yoast_head":"<!-- This site is optimized with the Yoast SEO plugin v23.6 - https:\/\/yoast.com\/wordpress\/plugins\/seo\/ -->\n<title>CONASS Debate \u2013 Que Sa\u00fade Voc\u00ea V\u00ea?<\/title>\n<meta name=\"description\" content=\"Semin\u00e1rio CONASS Debate \u2013 Que Sa\u00fade Voc\u00ea V\u00ea? debate a import\u00e2ncia da comunica\u00e7\u00e3o tanto para a consolida\u00e7\u00e3o do SUS, quanto para a efetiva\u00e7\u00e3o da sa\u00fade privada\" \/>\n<meta name=\"robots\" content=\"index, follow, max-snippet:-1, max-image-preview:large, max-video-preview:-1\" \/>\n<link rel=\"canonical\" href=\"https:\/\/www.conass.org.br\/conassdebate\/?page_id=377\" \/>\n<meta property=\"og:locale\" content=\"pt_BR\" \/>\n<meta property=\"og:type\" content=\"article\" \/>\n<meta property=\"og:title\" content=\"CONASS Debate \u2013 Que Sa\u00fade Voc\u00ea V\u00ea?\" \/>\n<meta property=\"og:description\" content=\"Semin\u00e1rio CONASS Debate \u2013 Que Sa\u00fade Voc\u00ea V\u00ea? debate a import\u00e2ncia da comunica\u00e7\u00e3o tanto para a consolida\u00e7\u00e3o do SUS, quanto para a efetiva\u00e7\u00e3o da sa\u00fade privada\" \/>\n<meta property=\"og:url\" content=\"https:\/\/www.conass.org.br\/conassdebate\/?page_id=377\" \/>\n<meta property=\"og:site_name\" content=\"CONASS DEBATE\" \/>\n<meta property=\"article:publisher\" content=\"https:\/\/www.facebook.com\/conassoficial\" \/>\n<meta property=\"article:modified_time\" content=\"2014-11-18T08:58:47+00:00\" \/>\n<meta property=\"og:image\" content=\"http:\/\/www.conass.org.br\/conassdebate\/wp-content\/uploads\/2014\/11\/banner-rotativo-07.png\" \/>\n<meta name=\"twitter:label1\" content=\"Est. tempo de leitura\" \/>\n\t<meta name=\"twitter:data1\" content=\"4 minutos\" \/>\n<script type=\"application\/ld+json\" class=\"yoast-schema-graph\">{\"@context\":\"https:\/\/schema.org\",\"@graph\":[{\"@type\":\"WebPage\",\"@id\":\"https:\/\/www.conass.org.br\/conassdebate\/?page_id=377\",\"url\":\"https:\/\/www.conass.org.br\/conassdebate\/?page_id=377\",\"name\":\"CONASS Debate \u2013 Que Sa\u00fade Voc\u00ea V\u00ea?\",\"isPartOf\":{\"@id\":\"https:\/\/www.conass.org.br\/conassdebate\/#website\"},\"primaryImageOfPage\":{\"@id\":\"https:\/\/www.conass.org.br\/conassdebate\/?page_id=377#primaryimage\"},\"image\":{\"@id\":\"https:\/\/www.conass.org.br\/conassdebate\/?page_id=377#primaryimage\"},\"thumbnailUrl\":\"http:\/\/www.conass.org.br\/conassdebate\/wp-content\/uploads\/2014\/11\/banner-rotativo-07.png\",\"datePublished\":\"2014-11-06T11:09:03+00:00\",\"dateModified\":\"2014-11-18T08:58:47+00:00\",\"description\":\"Semin\u00e1rio CONASS Debate \u2013 Que Sa\u00fade Voc\u00ea V\u00ea? debate a import\u00e2ncia da comunica\u00e7\u00e3o tanto para a consolida\u00e7\u00e3o do SUS, quanto para a efetiva\u00e7\u00e3o da sa\u00fade privada\",\"inLanguage\":\"pt-BR\",\"potentialAction\":[{\"@type\":\"ReadAction\",\"target\":[\"https:\/\/www.conass.org.br\/conassdebate\/?page_id=377\"]}]},{\"@type\":\"ImageObject\",\"inLanguage\":\"pt-BR\",\"@id\":\"https:\/\/www.conass.org.br\/conassdebate\/?page_id=377#primaryimage\",\"url\":\"https:\/\/www.conass.org.br\/conassdebate\/wp-content\/uploads\/2014\/11\/banner-rotativo-07.png\",\"contentUrl\":\"https:\/\/www.conass.org.br\/conassdebate\/wp-content\/uploads\/2014\/11\/banner-rotativo-07.png\",\"width\":811,\"height\":391},{\"@type\":\"WebSite\",\"@id\":\"https:\/\/www.conass.org.br\/conassdebate\/#website\",\"url\":\"https:\/\/www.conass.org.br\/conassdebate\/\",\"name\":\"CONASS DEBATE\",\"description\":\"Conass - Conselho Nacional dos Secret\u00e1rios de Sa\u00fadeo\",\"potentialAction\":[{\"@type\":\"SearchAction\",\"target\":{\"@type\":\"EntryPoint\",\"urlTemplate\":\"https:\/\/www.conass.org.br\/conassdebate\/?s={search_term_string}\"},\"query-input\":{\"@type\":\"PropertyValueSpecification\",\"valueRequired\":true,\"valueName\":\"search_term_string\"}}],\"inLanguage\":\"pt-BR\"}]}<\/script>\n<!-- \/ Yoast SEO plugin. -->","yoast_head_json":{"title":"CONASS Debate \u2013 Que Sa\u00fade Voc\u00ea V\u00ea?","description":"Semin\u00e1rio CONASS Debate \u2013 Que Sa\u00fade Voc\u00ea V\u00ea? debate a import\u00e2ncia da comunica\u00e7\u00e3o tanto para a consolida\u00e7\u00e3o do SUS, quanto para a efetiva\u00e7\u00e3o da sa\u00fade privada","robots":{"index":"index","follow":"follow","max-snippet":"max-snippet:-1","max-image-preview":"max-image-preview:large","max-video-preview":"max-video-preview:-1"},"canonical":"https:\/\/www.conass.org.br\/conassdebate\/?page_id=377","og_locale":"pt_BR","og_type":"article","og_title":"CONASS Debate \u2013 Que Sa\u00fade Voc\u00ea V\u00ea?","og_description":"Semin\u00e1rio CONASS Debate \u2013 Que Sa\u00fade Voc\u00ea V\u00ea? debate a import\u00e2ncia da comunica\u00e7\u00e3o tanto para a consolida\u00e7\u00e3o do SUS, quanto para a efetiva\u00e7\u00e3o da sa\u00fade privada","og_url":"https:\/\/www.conass.org.br\/conassdebate\/?page_id=377","og_site_name":"CONASS DEBATE","article_publisher":"https:\/\/www.facebook.com\/conassoficial","article_modified_time":"2014-11-18T08:58:47+00:00","og_image":[{"url":"http:\/\/www.conass.org.br\/conassdebate\/wp-content\/uploads\/2014\/11\/banner-rotativo-07.png"}],"twitter_misc":{"Est. tempo de leitura":"4 minutos"},"schema":{"@context":"https:\/\/schema.org","@graph":[{"@type":"WebPage","@id":"https:\/\/www.conass.org.br\/conassdebate\/?page_id=377","url":"https:\/\/www.conass.org.br\/conassdebate\/?page_id=377","name":"CONASS Debate \u2013 Que Sa\u00fade Voc\u00ea V\u00ea?","isPartOf":{"@id":"https:\/\/www.conass.org.br\/conassdebate\/#website"},"primaryImageOfPage":{"@id":"https:\/\/www.conass.org.br\/conassdebate\/?page_id=377#primaryimage"},"image":{"@id":"https:\/\/www.conass.org.br\/conassdebate\/?page_id=377#primaryimage"},"thumbnailUrl":"http:\/\/www.conass.org.br\/conassdebate\/wp-content\/uploads\/2014\/11\/banner-rotativo-07.png","datePublished":"2014-11-06T11:09:03+00:00","dateModified":"2014-11-18T08:58:47+00:00","description":"Semin\u00e1rio CONASS Debate \u2013 Que Sa\u00fade Voc\u00ea V\u00ea? debate a import\u00e2ncia da comunica\u00e7\u00e3o tanto para a consolida\u00e7\u00e3o do SUS, quanto para a efetiva\u00e7\u00e3o da sa\u00fade privada","inLanguage":"pt-BR","potentialAction":[{"@type":"ReadAction","target":["https:\/\/www.conass.org.br\/conassdebate\/?page_id=377"]}]},{"@type":"ImageObject","inLanguage":"pt-BR","@id":"https:\/\/www.conass.org.br\/conassdebate\/?page_id=377#primaryimage","url":"https:\/\/www.conass.org.br\/conassdebate\/wp-content\/uploads\/2014\/11\/banner-rotativo-07.png","contentUrl":"https:\/\/www.conass.org.br\/conassdebate\/wp-content\/uploads\/2014\/11\/banner-rotativo-07.png","width":811,"height":391},{"@type":"WebSite","@id":"https:\/\/www.conass.org.br\/conassdebate\/#website","url":"https:\/\/www.conass.org.br\/conassdebate\/","name":"CONASS DEBATE","description":"Conass - Conselho Nacional dos Secret\u00e1rios de Sa\u00fadeo","potentialAction":[{"@type":"SearchAction","target":{"@type":"EntryPoint","urlTemplate":"https:\/\/www.conass.org.br\/conassdebate\/?s={search_term_string}"},"query-input":{"@type":"PropertyValueSpecification","valueRequired":true,"valueName":"search_term_string"}}],"inLanguage":"pt-BR"}]}},"_links":{"self":[{"href":"https:\/\/www.conass.org.br\/conassdebate\/index.php?rest_route=\/wp\/v2\/pages\/377"}],"collection":[{"href":"https:\/\/www.conass.org.br\/conassdebate\/index.php?rest_route=\/wp\/v2\/pages"}],"about":[{"href":"https:\/\/www.conass.org.br\/conassdebate\/index.php?rest_route=\/wp\/v2\/types\/page"}],"author":[{"embeddable":true,"href":"https:\/\/www.conass.org.br\/conassdebate\/index.php?rest_route=\/wp\/v2\/users\/3"}],"replies":[{"embeddable":true,"href":"https:\/\/www.conass.org.br\/conassdebate\/index.php?rest_route=%2Fwp%2Fv2%2Fcomments&post=377"}],"version-history":[{"count":6,"href":"https:\/\/www.conass.org.br\/conassdebate\/index.php?rest_route=\/wp\/v2\/pages\/377\/revisions"}],"predecessor-version":[{"id":397,"href":"https:\/\/www.conass.org.br\/conassdebate\/index.php?rest_route=\/wp\/v2\/pages\/377\/revisions\/397"}],"wp:attachment":[{"href":"https:\/\/www.conass.org.br\/conassdebate\/index.php?rest_route=%2Fwp%2Fv2%2Fmedia&parent=377"}],"curies":[{"name":"wp","href":"https:\/\/api.w.org\/{rel}","templated":true}]}}