{"id":442,"date":"2016-12-05T14:00:36","date_gmt":"2016-12-05T14:00:36","guid":{"rendered":"http:\/\/www.conass.org.br\/conassdebate\/?page_id=442"},"modified":"2016-12-05T14:00:36","modified_gmt":"2016-12-05T14:00:36","slug":"governanca-regional-das-redes-de-atencao-a-saude","status":"publish","type":"page","link":"https:\/\/www.conass.org.br\/conassdebate\/?page_id=442","title":{"rendered":"Governan\u00e7a Regional das Redes de Aten\u00e7\u00e3o \u00e0 Sa\u00fade"},"content":{"rendered":"<p>O Conselho Nacional de Secret\u00e1rios de Sa\u00fade (CONASS) realizou\u00a0no dia 23\/11\/2016, em Bras\u00edlia, o semin\u00e1rio CONASS Debate \u2013 Governan\u00e7a Regional das Redes de Aten\u00e7\u00e3o \u00e0 Sa\u00fade, que contar\u00e1 com a participa\u00e7\u00e3o de especialistas, secret\u00e1rios estaduais de sa\u00fade, equipes t\u00e9cnicas dos estados e integrantes do Minist\u00e9rio da Sa\u00fade.<\/p>\n<p>O objetivo do conselho foi\u00a0debater o tema governan\u00e7a a partir de diferentes an\u00e1lises a fim de contribuir para a amplia\u00e7\u00e3o do debate, trazendo elementos que se articulam e cooperam para o trabalho urgente de implanta\u00e7\u00e3o e funcionamento das Redes de Aten\u00e7\u00e3o \u00e0 Sa\u00fade em todas as regi\u00f5es do pa\u00eds.<\/p>\n<p>Para tanto, contou com a participa\u00e7\u00e3o de Rosileia Milagres, da Funda\u00e7\u00e3o Dom Cabral, que ir\u00e1 tratar da governan\u00e7a em rede; de M\u00e1rcia Hu\u00e7ulak, da secretaria estadual de sa\u00fade do Paran\u00e1, que vai apresentar a experi\u00eancia da governan\u00e7a regional da Rede M\u00e3e Paranaense; e de Eug\u00eanio Vila\u00e7a, especialista em sa\u00fade p\u00fablica, que abordam a governan\u00e7a regional das redes de aten\u00e7\u00e3o \u00e0 sa\u00fade.<\/p>\n<p>A tem\u00e1tica que foi apresentada e debatida durante o evento resulta da pesquisa bibliogr\u00e1fica, para a qual o CONASS contou com o apoio da Funda\u00e7\u00e3o Dom Cabral, realizada com foco na compreens\u00e3o dos principais conceitos de governan\u00e7a e seus componentes e na evolu\u00e7\u00e3o do tema como \u00e1rea de estudo. A metodologia do estudo est\u00e1 descrita no livro \u2013 <a href=\"http:\/\/www.conass.org.br\/biblioteca\/governanca-regional-das-redes-de-atencao-a-saude\/\" target=\"_blank\">CONASS Debate \u2013 Governan\u00e7a Regional das Redes de Aten\u00e7\u00e3o \u00e0 Sa\u00fade<\/a>, que foi\u00a0lan\u00e7ado durante o semin\u00e1rio e estar\u00e1 dispon\u00edvel gratuitamente.<\/p>\n<p>&nbsp;<\/p>\n<p><iframe loading=\"lazy\" src=\"https:\/\/www.youtube.com\/embed\/W8BCZyDoiAc\" width=\"853\" height=\"480\" frameborder=\"0\" allowfullscreen=\"allowfullscreen\"><\/iframe><\/p>\n","protected":false},"excerpt":{"rendered":"<p>O Conselho Nacional de Secret\u00e1rios de Sa\u00fade (CONASS) realizou\u00a0no dia 23\/11\/2016, em Bras\u00edlia, o semin\u00e1rio CONASS Debate \u2013 Governan\u00e7a Regional das Redes de Aten\u00e7\u00e3o \u00e0 Sa\u00fade, que contar\u00e1 com a participa\u00e7\u00e3o de especialistas, secret\u00e1rios estaduais de sa\u00fade, equipes t\u00e9cnicas dos estados e integrantes do Minist\u00e9rio da Sa\u00fade. O objetivo do conselho foi\u00a0debater o tema governan\u00e7a [&hellip;]<\/p>\n","protected":false},"author":3,"featured_media":0,"parent":0,"menu_order":0,"comment_status":"open","ping_status":"open","template":"","meta":{"footnotes":""},"class_list":["post-442","page","type-page","status-publish","hentry"],"yoast_head":"<!-- This site is optimized with the Yoast SEO plugin v23.6 - https:\/\/yoast.com\/wordpress\/plugins\/seo\/ -->\n<title>Governan\u00e7a Regional das Redes de Aten\u00e7\u00e3o \u00e0 Sa\u00fade - CONASS DEBATE<\/title>\n<meta name=\"robots\" content=\"index, follow, max-snippet:-1, max-image-preview:large, max-video-preview:-1\" \/>\n<link rel=\"canonical\" href=\"https:\/\/www.conass.org.br\/conassdebate\/?page_id=442\" \/>\n<meta property=\"og:locale\" content=\"pt_BR\" \/>\n<meta property=\"og:type\" content=\"article\" \/>\n<meta property=\"og:title\" content=\"Governan\u00e7a Regional das Redes de Aten\u00e7\u00e3o \u00e0 Sa\u00fade - CONASS DEBATE\" \/>\n<meta property=\"og:description\" content=\"O Conselho Nacional de Secret\u00e1rios de Sa\u00fade (CONASS) realizou\u00a0no dia 23\/11\/2016, em Bras\u00edlia, o semin\u00e1rio CONASS Debate \u2013 Governan\u00e7a Regional das Redes de Aten\u00e7\u00e3o \u00e0 Sa\u00fade, que contar\u00e1 com a participa\u00e7\u00e3o de especialistas, secret\u00e1rios estaduais de sa\u00fade, equipes t\u00e9cnicas dos estados e integrantes do Minist\u00e9rio da Sa\u00fade. O objetivo do conselho foi\u00a0debater o tema governan\u00e7a [&hellip;]\" \/>\n<meta property=\"og:url\" content=\"https:\/\/www.conass.org.br\/conassdebate\/?page_id=442\" \/>\n<meta property=\"og:site_name\" content=\"CONASS DEBATE\" \/>\n<meta property=\"article:publisher\" content=\"https:\/\/www.facebook.com\/conassoficial\" \/>\n<meta property=\"og:image\" content=\"https:\/\/www.conass.org.br\/conassdebate\/wp-content\/uploads\/2013\/09\/conass_fb_ig_avatar.jpg\" \/>\n\t<meta property=\"og:image:width\" content=\"612\" \/>\n\t<meta property=\"og:image:height\" content=\"612\" \/>\n\t<meta property=\"og:image:type\" content=\"image\/jpeg\" \/>\n<meta name=\"twitter:label1\" content=\"Est. tempo de leitura\" \/>\n\t<meta name=\"twitter:data1\" content=\"1 minuto\" \/>\n<script type=\"application\/ld+json\" class=\"yoast-schema-graph\">{\"@context\":\"https:\/\/schema.org\",\"@graph\":[{\"@type\":\"WebPage\",\"@id\":\"https:\/\/www.conass.org.br\/conassdebate\/?page_id=442\",\"url\":\"https:\/\/www.conass.org.br\/conassdebate\/?page_id=442\",\"name\":\"Governan\u00e7a Regional das Redes de Aten\u00e7\u00e3o \u00e0 Sa\u00fade - CONASS DEBATE\",\"isPartOf\":{\"@id\":\"https:\/\/www.conass.org.br\/conassdebate\/#website\"},\"datePublished\":\"2016-12-05T14:00:36+00:00\",\"dateModified\":\"2016-12-05T14:00:36+00:00\",\"inLanguage\":\"pt-BR\",\"potentialAction\":[{\"@type\":\"ReadAction\",\"target\":[\"https:\/\/www.conass.org.br\/conassdebate\/?page_id=442\"]}]},{\"@type\":\"WebSite\",\"@id\":\"https:\/\/www.conass.org.br\/conassdebate\/#website\",\"url\":\"https:\/\/www.conass.org.br\/conassdebate\/\",\"name\":\"CONASS DEBATE\",\"description\":\"Conass - Conselho Nacional dos Secret\u00e1rios de Sa\u00fadeo\",\"potentialAction\":[{\"@type\":\"SearchAction\",\"target\":{\"@type\":\"EntryPoint\",\"urlTemplate\":\"https:\/\/www.conass.org.br\/conassdebate\/?s={search_term_string}\"},\"query-input\":{\"@type\":\"PropertyValueSpecification\",\"valueRequired\":true,\"valueName\":\"search_term_string\"}}],\"inLanguage\":\"pt-BR\"}]}<\/script>\n<!-- \/ Yoast SEO plugin. -->","yoast_head_json":{"title":"Governan\u00e7a Regional das Redes de Aten\u00e7\u00e3o \u00e0 Sa\u00fade - CONASS DEBATE","robots":{"index":"index","follow":"follow","max-snippet":"max-snippet:-1","max-image-preview":"max-image-preview:large","max-video-preview":"max-video-preview:-1"},"canonical":"https:\/\/www.conass.org.br\/conassdebate\/?page_id=442","og_locale":"pt_BR","og_type":"article","og_title":"Governan\u00e7a Regional das Redes de Aten\u00e7\u00e3o \u00e0 Sa\u00fade - CONASS DEBATE","og_description":"O Conselho Nacional de Secret\u00e1rios de Sa\u00fade (CONASS) realizou\u00a0no dia 23\/11\/2016, em Bras\u00edlia, o semin\u00e1rio CONASS Debate \u2013 Governan\u00e7a Regional das Redes de Aten\u00e7\u00e3o \u00e0 Sa\u00fade, que contar\u00e1 com a participa\u00e7\u00e3o de especialistas, secret\u00e1rios estaduais de sa\u00fade, equipes t\u00e9cnicas dos estados e integrantes do Minist\u00e9rio da Sa\u00fade. O objetivo do conselho foi\u00a0debater o tema governan\u00e7a [&hellip;]","og_url":"https:\/\/www.conass.org.br\/conassdebate\/?page_id=442","og_site_name":"CONASS DEBATE","article_publisher":"https:\/\/www.facebook.com\/conassoficial","og_image":[{"width":612,"height":612,"url":"https:\/\/www.conass.org.br\/conassdebate\/wp-content\/uploads\/2013\/09\/conass_fb_ig_avatar.jpg","type":"image\/jpeg"}],"twitter_misc":{"Est. tempo de leitura":"1 minuto"},"schema":{"@context":"https:\/\/schema.org","@graph":[{"@type":"WebPage","@id":"https:\/\/www.conass.org.br\/conassdebate\/?page_id=442","url":"https:\/\/www.conass.org.br\/conassdebate\/?page_id=442","name":"Governan\u00e7a Regional das Redes de Aten\u00e7\u00e3o \u00e0 Sa\u00fade - CONASS DEBATE","isPartOf":{"@id":"https:\/\/www.conass.org.br\/conassdebate\/#website"},"datePublished":"2016-12-05T14:00:36+00:00","dateModified":"2016-12-05T14:00:36+00:00","inLanguage":"pt-BR","potentialAction":[{"@type":"ReadAction","target":["https:\/\/www.conass.org.br\/conassdebate\/?page_id=442"]}]},{"@type":"WebSite","@id":"https:\/\/www.conass.org.br\/conassdebate\/#website","url":"https:\/\/www.conass.org.br\/conassdebate\/","name":"CONASS DEBATE","description":"Conass - Conselho Nacional dos Secret\u00e1rios de Sa\u00fadeo","potentialAction":[{"@type":"SearchAction","target":{"@type":"EntryPoint","urlTemplate":"https:\/\/www.conass.org.br\/conassdebate\/?s={search_term_string}"},"query-input":{"@type":"PropertyValueSpecification","valueRequired":true,"valueName":"search_term_string"}}],"inLanguage":"pt-BR"}]}},"_links":{"self":[{"href":"https:\/\/www.conass.org.br\/conassdebate\/index.php?rest_route=\/wp\/v2\/pages\/442"}],"collection":[{"href":"https:\/\/www.conass.org.br\/conassdebate\/index.php?rest_route=\/wp\/v2\/pages"}],"about":[{"href":"https:\/\/www.conass.org.br\/conassdebate\/index.php?rest_route=\/wp\/v2\/types\/page"}],"author":[{"embeddable":true,"href":"https:\/\/www.conass.org.br\/conassdebate\/index.php?rest_route=\/wp\/v2\/users\/3"}],"replies":[{"embeddable":true,"href":"https:\/\/www.conass.org.br\/conassdebate\/index.php?rest_route=%2Fwp%2Fv2%2Fcomments&post=442"}],"version-history":[{"count":1,"href":"https:\/\/www.conass.org.br\/conassdebate\/index.php?rest_route=\/wp\/v2\/pages\/442\/revisions"}],"predecessor-version":[{"id":443,"href":"https:\/\/www.conass.org.br\/conassdebate\/index.php?rest_route=\/wp\/v2\/pages\/442\/revisions\/443"}],"wp:attachment":[{"href":"https:\/\/www.conass.org.br\/conassdebate\/index.php?rest_route=%2Fwp%2Fv2%2Fmedia&parent=442"}],"curies":[{"name":"wp","href":"https:\/\/api.w.org\/{rel}","templated":true}]}}

Governança Regional das Redes de Atenção à Saúde

<p>O Conselho Nacional de Secretários de Saúde (CONASS) realizou no dia 23/11/2016, em Brasília, o seminário CONASS Debate – Governança Regional das Redes de Atenção à Saúde, que contará com a participação de especialistas, secretários estaduais de saúde, equipes técnicas dos estados e integrantes do Ministério da Saúde.</p>
<p>O objetivo do conselho foi debater o tema governança a partir de diferentes análises a fim de contribuir para a ampliação do debate, trazendo elementos que se articulam e cooperam para o trabalho urgente de implantação e funcionamento das Redes de Atenção à Saúde em todas as regiões do país.</p>
<p>Para tanto, contou com a participação de Rosileia Milagres, da Fundação Dom Cabral, que irá tratar da governança em rede; de Márcia Huçulak, da secretaria estadual de saúde do Paraná, que vai apresentar a experiência da governança regional da Rede Mãe Paranaense; e de Eugênio Vilaça, especialista em saúde pública, que abordam a governança regional das redes de atenção à saúde.</p>
<p>A temática que foi apresentada e debatida durante o evento resulta da pesquisa bibliográfica, para a qual o CONASS contou com o apoio da Fundação Dom Cabral, realizada com foco na compreensão dos principais conceitos de governança e seus componentes e na evolução do tema como área de estudo. A metodologia do estudo está descrita no livro – <a href="http://www.conass.org.br/biblioteca/governanca-regional-das-redes-de-atencao-a-saude/" target="_blank">CONASS Debate – Governança Regional das Redes de Atenção à Saúde</a>, que foi lançado durante o seminário e estará disponível gratuitamente.</p>
<p>&nbsp;</p>
<p><iframe loading="lazy" src="https://www.youtube.com/embed/W8BCZyDoiAc" width="853" height="480" frameborder="0" allowfullscreen="allowfullscreen"></iframe></p>

<p>O Conselho Nacional de Secretários de Saúde (CONASS) realizou no dia 23/11/2016, em Brasília, o seminário CONASS Debate – Governança Regional das Redes de Atenção à Saúde, que contará com a participação de especialistas, secretários estaduais de saúde, equipes técnicas dos estados e integrantes do Ministério da Saúde. O objetivo do conselho foi debater o tema governança [&hellip;]</p>

<!-- This site is optimized with the Yoast SEO plugin v23.6 - https://yoast.com/wordpress/plugins/seo/ -->
<title>Governança Regional das Redes de Atenção à Saúde - CONASS DEBATE</title>
<meta name="robots" content="index, follow, max-snippet:-1, max-image-preview:large, max-video-preview:-1" />
<link rel="canonical" href="https://www.conass.org.br/conassdebate/?page_id=442" />
<meta property="og:locale" content="pt_BR" />
<meta property="og:type" content="article" />
<meta property="og:title" content="Governança Regional das Redes de Atenção à Saúde - CONASS DEBATE" />
<meta property="og:description" content="O Conselho Nacional de Secretários de Saúde (CONASS) realizou no dia 23/11/2016, em Brasília, o seminário CONASS Debate – Governança Regional das Redes de Atenção à Saúde, que contará com a participação de especialistas, secretários estaduais de saúde, equipes técnicas dos estados e integrantes do Ministério da Saúde. O objetivo do conselho foi debater o tema governança [&hellip;]" />
<meta property="og:url" content="https://www.conass.org.br/conassdebate/?page_id=442" />
<meta property="og:site_name" content="CONASS DEBATE" />
<meta property="article:publisher" content="https://www.facebook.com/conassoficial" />
<meta property="og:image" content="https://www.conass.org.br/conassdebate/wp-content/uploads/2013/09/conass_fb_ig_avatar.jpg" />
	<meta property="og:image:width" content="612" />
	<meta property="og:image:height" content="612" />
	<meta property="og:image:type" content="image/jpeg" />
<meta name="twitter:label1" content="Est. tempo de leitura" />
	<meta name="twitter:data1" content="1 minuto" />
<script type="application/ld+json" class="yoast-schema-graph">{"@context":"https://schema.org","@graph":[{"@type":"WebPage","@id":"https://www.conass.org.br/conassdebate/?page_id=442","url":"https://www.conass.org.br/conassdebate/?page_id=442","name":"Governança Regional das Redes de Atenção à Saúde - CONASS DEBATE","isPartOf":{"@id":"https://www.conass.org.br/conassdebate/#website"},"datePublished":"2016-12-05T14:00:36+00:00","dateModified":"2016-12-05T14:00:36+00:00","inLanguage":"pt-BR","potentialAction":[{"@type":"ReadAction","target":["https://www.conass.org.br/conassdebate/?page_id=442"]}]},{"@type":"WebSite","@id":"https://www.conass.org.br/conassdebate/#website","url":"https://www.conass.org.br/conassdebate/","name":"CONASS DEBATE","description":"Conass - Conselho Nacional dos Secretários de Saúdeo","potentialAction":[{"@type":"SearchAction","target":{"@type":"EntryPoint","urlTemplate":"https://www.conass.org.br/conassdebate/?s={search_term_string}"},"query-input":{"@type":"PropertyValueSpecification","valueRequired":true,"valueName":"search_term_string"}}],"inLanguage":"pt-BR"}]}</script>
<!-- / Yoast SEO plugin. -->

Governança Regional das Redes de Atenção à Saúde - CONASS DEBATE

O Conselho Nacional de Secretários de Saúde (CONASS) realizou no dia 23/11/2016, em Brasília, o seminário CONASS Debate – Governança Regional das Redes de Atenção à Saúde, que contará com a participação de especialistas, secretários estaduais de saúde, equipes técnicas dos estados e integrantes do Ministério da Saúde. O objetivo do conselho foi debater o tema governança [&hellip;]

Conass - Conselho Nacional dos Secretários de Saúdeo
