{"id":10600,"date":"2016-04-15T11:57:41","date_gmt":"2016-04-15T14:57:41","guid":{"rendered":"http:\/\/www.conass.org.br\/guiainformacao\/?page_id=10600"},"modified":"2016-05-04T08:36:18","modified_gmt":"2016-05-04T11:36:18","slug":"definicoes-basicas","status":"publish","type":"page","link":"https:\/\/www.conass.org.br\/guiainformacao\/definicoes-basicas\/","title":{"rendered":"Defini\u00e7\u00f5es b\u00e1sicas"},"content":{"rendered":"<p>Para melhor compreender a terminologia utilizada, elencam-se algumas defini\u00e7\u00f5es b\u00e1sicas aplic\u00e1veis ao processo licitat\u00f3rio e seus procedimentos:<\/p>\n<p style=\"padding-left: 30px;\"><strong>\u00bb <\/strong><strong>Projeto B\u00e1sico ou Termo de Refer\u00eancia<\/strong>: documento obrigat\u00f3rio, que dever\u00e1 conter o conjunto de especifica\u00e7\u00f5es do bem ou servi\u00e7o a ser adquirido ou contratado. Costuma-se dizer que no Projeto B\u00e1sico reside o sucesso ou o fracasso da licita\u00e7\u00e3o, haja vista que o mesmo, elaborado com riqueza de detalhes e com o m\u00ednimo poss\u00edvel de dificuldade na interpreta\u00e7\u00e3o, far\u00e1 com que o fornecedor atenda conforme a descri\u00e7\u00e3o, n\u00e3o dando margem a interpreta\u00e7\u00f5es err\u00f4neas, o que, em outras palavras, significa dizer fornecimento de bens ou servi\u00e7os de m\u00e1 qualidade.<\/p>\n<p style=\"padding-left: 30px;\"><strong>\u00bb <\/strong><strong>Licita\u00e7\u00e3o:<\/strong> conjunto de procedimentos adotados pela Administra\u00e7\u00e3o P\u00fablica visando \u00e0 aquisi\u00e7\u00e3o de bens e servi\u00e7os.<\/p>\n<p style=\"padding-left: 30px;\"><strong>\u00bb <\/strong><strong>Usu\u00e1rio\/Cliente<\/strong>: todos os setores da Administra\u00e7\u00e3o P\u00fablica que se utilizam do processo licitat\u00f3rio para a aquisi\u00e7\u00e3o de bens e\/ou servi\u00e7os.<\/p>\n<p style=\"padding-left: 30px;\"><strong>\u00bb <\/strong><strong>Fornecedor\/Prestador de servi\u00e7o: <\/strong>aquele que, por meio de proposta escrita e assinada, oferece \u00e0 Administra\u00e7\u00e3o o objeto da licita\u00e7\u00e3o.<\/p>\n<p style=\"padding-left: 30px;\"><strong>\u00bb <\/strong><strong>Objeto:<\/strong> bem\/servi\u00e7o o qual a Administra\u00e7\u00e3o pretende adquirir.<\/p>\n<p style=\"padding-left: 30px;\"><strong>\u00bb <\/strong><strong>Processo:<\/strong> instrumento formal que compreende um conjunto de atos e documentos que comp\u00f5em a rotina legal que objetiva a aquisi\u00e7\u00e3o de bens e\/ou servi\u00e7os.<\/p>\n<p style=\"padding-left: 30px;\"><strong>\u00bb <\/strong><strong>Procedimento:<\/strong> qualquer ato que comp\u00f5e o processo licitat\u00f3rio. Exemplo: publica\u00e7\u00e3o do edital, remessa de avisos eletr\u00f4nicos (via <em>e-mail<\/em>), abertura de envelopes de habilita\u00e7\u00e3o\/propostas.<\/p>\n<p style=\"padding-left: 30px;\"><strong>\u00bb <\/strong><strong>Habilita\u00e7\u00e3o:<\/strong> aferi\u00e7\u00e3o das condi\u00e7\u00f5es exigidas pela Administra\u00e7\u00e3o P\u00fablica aos participantes do certame licitat\u00f3rio, para que possam oferecer seus bens\/servi\u00e7os ao Estado.<\/p>\n<p style=\"padding-left: 30px;\"><strong>\u00bb <\/strong><strong>Proposta:<\/strong> documento por meio do qual o licitante participa do certame oferecendo seu bem\/servi\u00e7o \u00e0 Administra\u00e7\u00e3o P\u00fablica, nas condi\u00e7\u00f5es solicitadas pelo edital.<\/p>\n<p style=\"padding-left: 30px;\"><strong>\u00bb <\/strong><strong>Edital de licita\u00e7\u00e3o:<\/strong> caderno processual que traz todas as condi\u00e7\u00f5es e exig\u00eancias de um determinado bem\/servi\u00e7o do qual necessita a administra\u00e7\u00e3o estadual.<\/p>\n<p style=\"padding-left: 30px;\"><strong>\u00bb <\/strong><strong>Autoridade instauradora:<\/strong> pessoa respons\u00e1vel pelo deferimento do processo licitat\u00f3rio, determinando o in\u00edcio de seus atos e a homologa\u00e7\u00e3o de seus procedimentos.<\/p>\n<p style=\"padding-left: 30px;\"><strong>\u00bb <\/strong><strong>Comiss\u00e3o de licita\u00e7\u00e3o:<\/strong> o \u00f3rg\u00e3o colegiado composto por no m\u00ednimo tr\u00eas servidores estaduais e\/ou pessoas indicadas pela autoridade instauradora, para efetivar, controlar e dar seguimento at\u00e9 final adjudica\u00e7\u00e3o dos procedimentos licitat\u00f3rios.<\/p>\n<p style=\"padding-left: 30px;\"><strong>\u00bb <\/strong><strong>Publica\u00e7\u00e3o:<\/strong> todos os atos que t\u00eam por finalidade divulgar de forma ampla e irrestrita o processo licitat\u00f3rio. Ex: DOU, jornais, boletins, internet, murais.<\/p>\n<p style=\"padding-left: 30px;\"><strong>\u00bb <\/strong><strong>Julgamento:<\/strong> ato da comiss\u00e3o de licita\u00e7\u00e3o que classifica as propostas apresentadas pelos licitantes e, atrav\u00e9s de documento formal \u2013 ata \u2013, indica aquela que atendeu as condi\u00e7\u00f5es exigidas pelo edital.<\/p>\n<p style=\"padding-left: 30px;\"><strong>\u00bb <\/strong><strong>Ata de Julgamento\/Classifica\u00e7\u00e3o:<\/strong> manifesta\u00e7\u00e3o expressa da comiss\u00e3o de licita\u00e7\u00e3o apontando a proposta que atendeu as condi\u00e7\u00f5es do edital.<\/p>\n<p style=\"padding-left: 30px;\"><strong>\u00bb <\/strong><strong>Adjudica\u00e7\u00e3o:<\/strong> ato privativo da comiss\u00e3o de licita\u00e7\u00e3o, que indica \u00e0 autoridade instauradora qual foi, entre as propostas apresentadas pelos fornecedores\/prestadores de servi\u00e7o, aquela que apresentou total compatibilidade com a solicita\u00e7\u00e3o do edital de licita\u00e7\u00e3o.<\/p>\n<p style=\"padding-left: 30px;\"><strong>\u00bb <\/strong><strong>Homologa\u00e7\u00e3o:<\/strong> ato privativo da autoridade instauradora que confirma a proposta, indicada pela comiss\u00e3o de licita\u00e7\u00e3o, como a vencedora do certame.<\/p>\n<p><strong><br \/>\nSaiba mais:<\/strong><\/p>\n<ul class=\"nav nav-list\">\n<li><a href=\"http:\/\/www.conass.org.br\/guiainformacao\/gestao-de-compras\">2.1.2 Gest\u00e3o de compras<\/a>\n<ul class=\"nav nav-list\">\n<li><a href=\"http:\/\/www.conass.org.br\/guiainformacao\/definicoes-basicas\">2.1.2.1 Defini\u00e7\u00f5es b\u00e1sicas<\/a><\/li>\n<li><a href=\"http:\/\/www.conass.org.br\/guiainformacao\/modalidades-de-licitacao\">2.1.2.2 Modalidades de licita\u00e7\u00e3o<\/a><\/li>\n<li><a href=\"http:\/\/www.conass.org.br\/guiainformacao\/criterios-de-julgamento-de-licitacao\">2.1.2.3 Crit\u00e9rios de julgamento de licita\u00e7\u00e3o<\/a><\/li>\n<li><a href=\"http:\/\/www.conass.org.br\/guiainformacao\/processo-licitatorio-formal\">2.1.2.4 Processo licitat\u00f3rio formal<\/a><\/li>\n<li><a href=\"http:\/\/www.conass.org.br\/guiainformacao\/recurso\">2.1.2.5 Recurso<\/a><\/li>\n<li><a href=\"http:\/\/www.conass.org.br\/guiainformacao\/homologacao-e-adjudicacao\">2.1.2.6 Homologa\u00e7\u00e3o e adjudica\u00e7\u00e3o<\/a><\/li>\n<\/ul>\n<\/li>\n<\/ul>\n","protected":false},"excerpt":{"rendered":"<p>Para melhor compreender a terminologia utilizada, elencam-se algumas defini\u00e7\u00f5es b\u00e1sicas aplic\u00e1veis ao processo licitat\u00f3rio e seus procedimentos: \u00bb Projeto B\u00e1sico ou Termo de Refer\u00eancia: documento obrigat\u00f3rio, que dever\u00e1 conter o conjunto de especifica\u00e7\u00f5es do bem ou servi\u00e7o a ser adquirido ou contratado. Costuma-se dizer que no Projeto B\u00e1sico reside o sucesso ou o fracasso da [&hellip;]<\/p>\n","protected":false},"author":1,"featured_media":0,"parent":0,"menu_order":24,"comment_status":"open","ping_status":"open","template":"","meta":{"_exactmetrics_skip_tracking":false,"_exactmetrics_sitenote_active":false,"_exactmetrics_sitenote_note":"","_exactmetrics_sitenote_category":0,"footnotes":""},"class_list":["post-10600","page","type-page","status-publish","hentry"],"_links":{"self":[{"href":"https:\/\/www.conass.org.br\/guiainformacao\/wp-json\/wp\/v2\/pages\/10600","targetHints":{"allow":["GET"]}}],"collection":[{"href":"https:\/\/www.conass.org.br\/guiainformacao\/wp-json\/wp\/v2\/pages"}],"about":[{"href":"https:\/\/www.conass.org.br\/guiainformacao\/wp-json\/wp\/v2\/types\/page"}],"author":[{"embeddable":true,"href":"https:\/\/www.conass.org.br\/guiainformacao\/wp-json\/wp\/v2\/users\/1"}],"replies":[{"embeddable":true,"href":"https:\/\/www.conass.org.br\/guiainformacao\/wp-json\/wp\/v2\/comments?post=10600"}],"version-history":[{"count":5,"href":"https:\/\/www.conass.org.br\/guiainformacao\/wp-json\/wp\/v2\/pages\/10600\/revisions"}],"predecessor-version":[{"id":12503,"href":"https:\/\/www.conass.org.br\/guiainformacao\/wp-json\/wp\/v2\/pages\/10600\/revisions\/12503"}],"wp:attachment":[{"href":"https:\/\/www.conass.org.br\/guiainformacao\/wp-json\/wp\/v2\/media?parent=10600"}],"curies":[{"name":"wp","href":"https:\/\/api.w.org\/{rel}","templated":true}]}}