{"id":10622,"date":"2016-04-15T13:30:19","date_gmt":"2016-04-15T16:30:19","guid":{"rendered":"http:\/\/www.conass.org.br\/guiainformacao\/?page_id=10622"},"modified":"2016-05-04T11:29:52","modified_gmt":"2016-05-04T14:29:52","slug":"as-alternativas-de-gerencia-para-as-unidades-publicas-de-saude","status":"publish","type":"page","link":"https:\/\/www.conass.org.br\/guiainformacao\/as-alternativas-de-gerencia-para-as-unidades-publicas-de-saude\/","title":{"rendered":"As Alternativas de Ger\u00eancia para as Unidades P\u00fablicas de Sa\u00fade"},"content":{"rendered":"<p>Para iniciar a apresenta\u00e7\u00e3o dos modelos de ger\u00eancia para unidades p\u00fablicas de sa\u00fade, a primeira condi\u00e7\u00e3o \u00e9 que o Administrador identifique com clareza a fun\u00e7\u00e3o p\u00fablica cuja execu\u00e7\u00e3o est\u00e1 sendo analisada.<\/p>\n<p>H\u00e1 fun\u00e7\u00f5es p\u00fablicas que devem ser executadas diretamente pelo Poder P\u00fablico, portanto, n\u00e3o admitem outra hip\u00f3tese de ger\u00eancia que n\u00e3o seja a pr\u00f3pria estrutura do Poder P\u00fablico. S\u00e3o as fun\u00e7\u00f5es denominadas privativas do Estado.<\/p>\n<p>A Constitui\u00e7\u00e3o e a lei definem as atividades e servi\u00e7os p\u00fablicos privativos, vedados \u00e0s entidades privadas. S\u00e3o elas as atividades de dire\u00e7\u00e3o superior, normativa e de controle das atividades administrativas (<a href=\"http:\/\/www.planalto.gov.br\/ccivil_03\/Constituicao\/Constituicao.htm\" target=\"_blank\">Constitui\u00e7\u00e3o Federal<\/a>, arts. 61, 70 a 74 e 84); defesa do Estado e das institui\u00e7\u00f5es democr\u00e1ticas (Constitui\u00e7\u00e3o Federal, T\u00edtulo V); tributa\u00e7\u00e3o e o or\u00e7amento (Constitui\u00e7\u00e3o Federal, T\u00edtulo VI) e\u00a0previd\u00eancia social.<\/p>\n<p>&nbsp;<\/p>\n<p><strong>Pesquise mais sobre o tema:<\/strong><\/p>\n<ol>\n<li style=\"padding-left: 60px;\"><a href=\"http:\/\/www.stf.jus.br\/portal\/constituicao\/artigobd.asp?item=%20797\">http:\/\/www.stf.jus.br\/portal\/constituicao\/artigobd.asp?item=%20797<\/a><\/li>\n<li style=\"padding-left: 60px;\"><a href=\"http:\/\/www.stf.jus.br\/portal\/constituicao\/artigobd.asp?item=%20857\">http:\/\/www.stf.jus.br\/portal\/constituicao\/artigobd.asp?item=%20857<\/a><\/li>\n<li style=\"padding-left: 60px;\"><a href=\"http:\/\/www.stf.jus.br\/portal\/constituicao\/artigoBd.asp\">http:\/\/www.stf.jus.br\/portal\/constituicao\/artigoBd.asp<\/a><\/li>\n<li style=\"padding-left: 60px;\"><a href=\"http:\/\/www.stf.jus.br\/portal\/constituicao\/artigobd.asp?item=%20918\">http:\/\/www.stf.jus.br\/portal\/constituicao\/artigobd.asp?item=%20918<\/a><\/li>\n<li style=\"padding-left: 60px;\"><a href=\"http:\/\/www.stf.jus.br\/portal\/constituicao\/artigobd.asp?item=%201359\">http:\/\/www.stf.jus.br\/portal\/constituicao\/artigobd.asp?item=%201359<\/a><\/li>\n<li style=\"padding-left: 60px;\"><a href=\"http:\/\/www.stf.jus.br\/portal\/constituicao\/artigobd.asp?item=%201380\">http:\/\/www.stf.jus.br\/portal\/constituicao\/artigobd.asp?item=%201380<\/a><\/li>\n<\/ol>\n<p>&nbsp;<\/p>\n<p><strong>Saiba mais:<\/strong><\/p>\n<ul class=\"nav nav-list\">\n<li class=\"\"><a href=\"http:\/\/www.conass.org.br\/guiainformacao\/administracao-publica\/#\">2.2 Alternativas de ger\u00eancia<\/a>\n<ul class=\"nav nav-list\">\n<li><a href=\"http:\/\/www.conass.org.br\/guiainformacao\/introducao\">2.2.1 Introdu\u00e7\u00e3o<\/a><\/li>\n<li><a href=\"http:\/\/www.conass.org.br\/guiainformacao\/as-alternativas-de-gerencia-para-as-unidades-publicas-de-saude\">2.2.2 As Alternativas de Ger\u00eancia para as Unidades P\u00fablicas de Sa\u00fade<\/a>\n<ul class=\"nav nav-list\">\n<li><a href=\"http:\/\/www.conass.org.br\/guiainformacao\/administracao-direta\">2.2.2.1 Administra\u00e7\u00e3o Direta<\/a><\/li>\n<li><a href=\"http:\/\/www.conass.org.br\/guiainformacao\/administracao-indireta\">2.2.2.2 Administra\u00e7\u00e3o Indireta<\/a>\n<ul class=\"nav nav-list\">\n<li><a href=\"http:\/\/www.conass.org.br\/guiainformacao\/autarquia\">Autarquia<\/a><\/li>\n<li><a href=\"http:\/\/www.conass.org.br\/guiainformacao\/fundacao-publica\">Funda\u00e7\u00e3o P\u00fablica<\/a><\/li>\n<li><a href=\"http:\/\/www.conass.org.br\/guiainformacao\/consorcio-publico\">Cons\u00f3rcio P\u00fablico<\/a><\/li>\n<li><a href=\"http:\/\/www.conass.org.br\/guiainformacao\/empresa-estatal\">Empresa Estatal<\/a><\/li>\n<li><a href=\"http:\/\/www.conass.org.br\/guiainformacao\/servico-social-autonomo\">Servi\u00e7o Social Aut\u00f4nomo<\/a><\/li>\n<li><a href=\"http:\/\/www.conass.org.br\/guiainformacao\/organizacao-social\">Organiza\u00e7\u00e3o Social<\/a><\/li>\n<li><a href=\"http:\/\/www.conass.org.br\/guiainformacao\/organizacao-da%E2%80%A6eresse-publico\">Organiza\u00e7\u00f5es da Sociedade Civil de Interesse P\u00fablico<\/a><\/li>\n<li><a href=\"http:\/\/www.conass.org.br\/guiainformacao\/fundacao-de-apoio\">Funda\u00e7\u00e3o de Apoio<\/a><\/li>\n<li><a href=\"http:\/\/www.conass.org.br\/guiainformacao\/parceria-publico-privada\">Parceria P\u00fablico Privada<\/a><\/li>\n<\/ul>\n<\/li>\n<\/ul>\n<\/li>\n<\/ul>\n<\/li>\n<\/ul>\n","protected":false},"excerpt":{"rendered":"<p>Para iniciar a apresenta\u00e7\u00e3o dos modelos de ger\u00eancia para unidades p\u00fablicas de sa\u00fade, a primeira condi\u00e7\u00e3o \u00e9 que o Administrador identifique com clareza a fun\u00e7\u00e3o p\u00fablica cuja execu\u00e7\u00e3o est\u00e1 sendo analisada. H\u00e1 fun\u00e7\u00f5es p\u00fablicas que devem ser executadas diretamente pelo Poder P\u00fablico, portanto, n\u00e3o admitem outra hip\u00f3tese de ger\u00eancia que n\u00e3o seja a pr\u00f3pria estrutura [&hellip;]<\/p>\n","protected":false},"author":1,"featured_media":0,"parent":0,"menu_order":34,"comment_status":"open","ping_status":"open","template":"","meta":{"_exactmetrics_skip_tracking":false,"_exactmetrics_sitenote_active":false,"_exactmetrics_sitenote_note":"","_exactmetrics_sitenote_category":0,"footnotes":""},"class_list":["post-10622","page","type-page","status-publish","hentry"],"_links":{"self":[{"href":"https:\/\/www.conass.org.br\/guiainformacao\/wp-json\/wp\/v2\/pages\/10622","targetHints":{"allow":["GET"]}}],"collection":[{"href":"https:\/\/www.conass.org.br\/guiainformacao\/wp-json\/wp\/v2\/pages"}],"about":[{"href":"https:\/\/www.conass.org.br\/guiainformacao\/wp-json\/wp\/v2\/types\/page"}],"author":[{"embeddable":true,"href":"https:\/\/www.conass.org.br\/guiainformacao\/wp-json\/wp\/v2\/users\/1"}],"replies":[{"embeddable":true,"href":"https:\/\/www.conass.org.br\/guiainformacao\/wp-json\/wp\/v2\/comments?post=10622"}],"version-history":[{"count":4,"href":"https:\/\/www.conass.org.br\/guiainformacao\/wp-json\/wp\/v2\/pages\/10622\/revisions"}],"predecessor-version":[{"id":12538,"href":"https:\/\/www.conass.org.br\/guiainformacao\/wp-json\/wp\/v2\/pages\/10622\/revisions\/12538"}],"wp:attachment":[{"href":"https:\/\/www.conass.org.br\/guiainformacao\/wp-json\/wp\/v2\/media?parent=10622"}],"curies":[{"name":"wp","href":"https:\/\/api.w.org\/{rel}","templated":true}]}}