{"id":10634,"date":"2016-04-15T13:47:22","date_gmt":"2016-04-15T16:47:22","guid":{"rendered":"http:\/\/www.conass.org.br\/guiainformacao\/?page_id=10634"},"modified":"2016-05-04T12:13:36","modified_gmt":"2016-05-04T15:13:36","slug":"empresa-estatal","status":"publish","type":"page","link":"https:\/\/www.conass.org.br\/guiainformacao\/empresa-estatal\/","title":{"rendered":"Empresa estatal"},"content":{"rendered":"<p>Empresa estatal \u00e9 a pessoa jur\u00eddica de direito privado, de fins econ\u00f4micos, controlada direta ou indiretamente por Ente da federa\u00e7\u00e3o, que execute servi\u00e7os p\u00fablicos ou explore atividade econ\u00f4mica caracterizada pela produ\u00e7\u00e3o ou comercializa\u00e7\u00e3o de bens ou pela presta\u00e7\u00e3o de servi\u00e7os em geral.<\/p>\n<p>\u00c9 uma figura jur\u00eddica pr\u00f3pria para a explora\u00e7\u00e3o direta de atividade econ\u00f4mica pelo Estado (<a href=\"http:\/\/www.planalto.gov.br\/ccivil_03\/Constituicao\/Constituicao.htm\" target=\"_blank\">Constitui\u00e7\u00e3o Federal<\/a>, art. 173). A empresa estatal pode ser constitu\u00edda como empresa p\u00fablica ou sociedade de economia mista.<\/p>\n<p>\u00c9 criada por autoriza\u00e7\u00e3o legislativa espec\u00edfica (Constitui\u00e7\u00e3o Federal, inciso XIX) e procedimentos do C\u00f3digo Civil: registro do estatuto social na Junta Comercial. Seu estatuto social \u00e9 publicado por decreto, com base na lei autorizativa e passa a integrar a administra\u00e7\u00e3o indireta do Ente federado que detenha o seu controle, vinculada ao \u00f3rg\u00e3o da administra\u00e7\u00e3o direta respons\u00e1vel pela sua \u00e1rea de atua\u00e7\u00e3o para fins de orienta\u00e7\u00e3o, coordena\u00e7\u00e3o e supervis\u00e3o.<\/p>\n<p>A extin\u00e7\u00e3o ou transfer\u00eancia de controle de empresa estatal depende de autoriza\u00e7\u00e3o por lei espec\u00edfica.<\/p>\n<p>&nbsp;<\/p>\n<p><strong>Pesquise mais sobre o tema:<\/strong><\/p>\n<p>Alternativas de Ger\u00eancia \u2013\u00a0Cole\u00e7\u00e3o Para Entender a Gest\u00e3o do SUS 2015. Dispon\u00edvel em\u00a0<a href=\"http:\/\/www.conass.org.br\/biblioteca\/pdf\/Alternativas-de-Gerencia-de-Unidades-Publicas-de-Saude.pdf\">http:\/\/www.conass.org.br\/biblioteca\/pdf\/Alternativas-de-Gerencia-de-Unidades-Publicas-de-Saude.pdf<\/a>\u00a0\u00a0(p\u00e1g. 53)<\/p>\n<p>Para saber sobre a EBSERH:\u00a0Alternativas de Ger\u00eancia \u2013\u00a0Cole\u00e7\u00e3o Para Entender a Gest\u00e3o do SUS 2015. Dispon\u00edvel em\u00a0<a href=\"http:\/\/www.conass.org.br\/biblioteca\/pdf\/Alternativas-de-Gerencia-de-Unidades-Publicas-de-Saude.pdf\">http:\/\/www.conass.org.br\/biblioteca\/pdf\/Alternativas-de-Gerencia-de-Unidades-Publicas-de-Saude.pdf<\/a>\u00a0\u00a0(p\u00e1g. 55)<\/p>\n<p>&nbsp;<\/p>\n<p><strong>Saiba mais:<\/strong><\/p>\n<ul class=\"nav nav-list\">\n<li class=\"\"><a href=\"http:\/\/www.conass.org.br\/guiainformacao\/administracao-publica\/#\">2.2 Alternativas de ger\u00eancia<\/a>\n<ul class=\"nav nav-list\">\n<li><a href=\"http:\/\/www.conass.org.br\/guiainformacao\/introducao\">2.2.1 Introdu\u00e7\u00e3o<\/a><\/li>\n<li><a href=\"http:\/\/www.conass.org.br\/guiainformacao\/as-alternativas-de-gerencia-para-as-unidades-publicas-de-saude\">2.2.2 As Alternativas de Ger\u00eancia para as Unidades P\u00fablicas de Sa\u00fade<\/a>\n<ul class=\"nav nav-list\">\n<li><a href=\"http:\/\/www.conass.org.br\/guiainformacao\/administracao-direta\">2.2.2.1 Administra\u00e7\u00e3o Direta<\/a><\/li>\n<li><a href=\"http:\/\/www.conass.org.br\/guiainformacao\/administracao-indireta\">2.2.2.2 Administra\u00e7\u00e3o Indireta<\/a>\n<ul class=\"nav nav-list\">\n<li><a href=\"http:\/\/www.conass.org.br\/guiainformacao\/autarquia\">Autarquia<\/a><\/li>\n<li><a href=\"http:\/\/www.conass.org.br\/guiainformacao\/fundacao-publica\">Funda\u00e7\u00e3o P\u00fablica<\/a><\/li>\n<li><a href=\"http:\/\/www.conass.org.br\/guiainformacao\/consorcio-publico\">Cons\u00f3rcio P\u00fablico<\/a><\/li>\n<li><a href=\"http:\/\/www.conass.org.br\/guiainformacao\/empresa-estatal\">Empresa Estatal<\/a><\/li>\n<li><a href=\"http:\/\/www.conass.org.br\/guiainformacao\/servico-social-autonomo\">Servi\u00e7o Social Aut\u00f4nomo<\/a><\/li>\n<li><a href=\"http:\/\/www.conass.org.br\/guiainformacao\/organizacao-social\">Organiza\u00e7\u00e3o Social<\/a><\/li>\n<li><a href=\"http:\/\/www.conass.org.br\/guiainformacao\/organizacao-da%E2%80%A6eresse-publico\">Organiza\u00e7\u00f5es da Sociedade Civil de Interesse P\u00fablico<\/a><\/li>\n<li><a href=\"http:\/\/www.conass.org.br\/guiainformacao\/fundacao-de-apoio\">Funda\u00e7\u00e3o de Apoio<\/a><\/li>\n<li><a href=\"http:\/\/www.conass.org.br\/guiainformacao\/parceria-publico-privada\">Parceria P\u00fablico Privada<\/a><\/li>\n<\/ul>\n<\/li>\n<\/ul>\n<\/li>\n<\/ul>\n<\/li>\n<\/ul>\n","protected":false},"excerpt":{"rendered":"<p>Empresa estatal \u00e9 a pessoa jur\u00eddica de direito privado, de fins econ\u00f4micos, controlada direta ou indiretamente por Ente da federa\u00e7\u00e3o, que execute servi\u00e7os p\u00fablicos ou explore atividade econ\u00f4mica caracterizada pela produ\u00e7\u00e3o ou comercializa\u00e7\u00e3o de bens ou pela presta\u00e7\u00e3o de servi\u00e7os em geral. \u00c9 uma figura jur\u00eddica pr\u00f3pria para a explora\u00e7\u00e3o direta de atividade econ\u00f4mica pelo [&hellip;]<\/p>\n","protected":false},"author":1,"featured_media":0,"parent":0,"menu_order":40,"comment_status":"open","ping_status":"open","template":"","meta":{"_exactmetrics_skip_tracking":false,"_exactmetrics_sitenote_active":false,"_exactmetrics_sitenote_note":"","_exactmetrics_sitenote_category":0,"footnotes":""},"class_list":["post-10634","page","type-page","status-publish","hentry"],"_links":{"self":[{"href":"https:\/\/www.conass.org.br\/guiainformacao\/wp-json\/wp\/v2\/pages\/10634","targetHints":{"allow":["GET"]}}],"collection":[{"href":"https:\/\/www.conass.org.br\/guiainformacao\/wp-json\/wp\/v2\/pages"}],"about":[{"href":"https:\/\/www.conass.org.br\/guiainformacao\/wp-json\/wp\/v2\/types\/page"}],"author":[{"embeddable":true,"href":"https:\/\/www.conass.org.br\/guiainformacao\/wp-json\/wp\/v2\/users\/1"}],"replies":[{"embeddable":true,"href":"https:\/\/www.conass.org.br\/guiainformacao\/wp-json\/wp\/v2\/comments?post=10634"}],"version-history":[{"count":4,"href":"https:\/\/www.conass.org.br\/guiainformacao\/wp-json\/wp\/v2\/pages\/10634\/revisions"}],"predecessor-version":[{"id":12553,"href":"https:\/\/www.conass.org.br\/guiainformacao\/wp-json\/wp\/v2\/pages\/10634\/revisions\/12553"}],"wp:attachment":[{"href":"https:\/\/www.conass.org.br\/guiainformacao\/wp-json\/wp\/v2\/media?parent=10634"}],"curies":[{"name":"wp","href":"https:\/\/api.w.org\/{rel}","templated":true}]}}