{"id":10639,"date":"2016-04-18T16:40:35","date_gmt":"2016-04-18T19:40:35","guid":{"rendered":"http:\/\/www.conass.org.br\/guiainformacao\/?page_id=10639"},"modified":"2016-05-04T12:24:46","modified_gmt":"2016-05-04T15:24:46","slug":"organizacao-social","status":"publish","type":"page","link":"https:\/\/www.conass.org.br\/guiainformacao\/organizacao-social\/","title":{"rendered":"Organiza\u00e7\u00e3o Social"},"content":{"rendered":"<p>Organiza\u00e7\u00e3o Social (OS)<strong>\u00a0<\/strong>\u00e9 um t\u00edtulo concedido pelo Poder P\u00fablico a uma associa\u00e7\u00e3o ou funda\u00e7\u00e3o privada, regida pelo <a href=\"http:\/\/www.planalto.gov.br\/ccivil_03\/leis\/2002\/l10406.htm\" target=\"_blank\">C\u00f3digo Civil<\/a> e institu\u00edda por particulares, para a celebra\u00e7\u00e3o de rela\u00e7\u00e3o de parceria e fomento para a realiza\u00e7\u00e3o de atividade de interesse p\u00fablico, de longo prazo.<\/p>\n<p>Essa forma de colabora\u00e7\u00e3o com entidades civis sem fins lucrativos foi primeiramente regulada pela <a href=\"http:\/\/www.planalto.gov.br\/ccivil_03\/leis\/L9637.htm\" target=\"_blank\">Lei n. 9.637\/1998<\/a>. A finalidade da qualifica\u00e7\u00e3o \u00e9 viabilizar a a\u00e7\u00e3o cooperada entre o Poder P\u00fablico e a entidade civil pelo Poder P\u00fablico, na execu\u00e7\u00e3o de atividades e servi\u00e7os dirigidos ao ensino, \u00e0 pesquisa cient\u00edfica, ao desenvolvimento tecnol\u00f3gico, \u00e0 prote\u00e7\u00e3o e preserva\u00e7\u00e3o do meio ambiente, \u00e0 cultura e \u00e0 sa\u00fade.<\/p>\n<p>Na forma da lei federal, a qualifica\u00e7\u00e3o como organiza\u00e7\u00e3o social objetiva viabilizar a parceria de longo prazo entre a entidade civil e o Poder P\u00fablico, faz exig\u00eancias estatut\u00e1rias \u00e0s entidades candidatas, que incluem a ren\u00fancia ao seu patrim\u00f4nio, em caso de extin\u00e7\u00e3o ou de desqualifica\u00e7\u00e3o, e a autoriza\u00e7\u00e3o estatut\u00e1ria para a participa\u00e7\u00e3o majorit\u00e1ria de representa\u00e7\u00e3o do Poder P\u00fablico e da sociedade civil em sua inst\u00e2ncia superior de decis\u00e3o.<\/p>\n<p>Essas e outras exig\u00eancias justificam-se pela natureza perene das rela\u00e7\u00f5es que se estabelecem entre a OS qualificada e a Administra\u00e7\u00e3o P\u00fablica, para a presta\u00e7\u00e3o de servi\u00e7os de interesse p\u00fablico, de natureza continuada, com previs\u00e3o de desqualifica\u00e7\u00e3o apenas no caso de descumprimento das disposi\u00e7\u00f5es contidas no contrato de gest\u00e3o.<\/p>\n<p>Posteriormente \u00e0 lei federal, estados e munic\u00edpios brasileiros promulgaram leis de OS, com dispositivos convergentes e divergentes do teor da lei federal.<\/p>\n<p>O contrato de gest\u00e3o \u00e9 o ajuste celebrado entre o Poder P\u00fablico e a OS, que d\u00e1 in\u00edcio \u00e0 rela\u00e7\u00e3o cooperada p\u00fablico-privada. Nele, s\u00e3o estabelecidas as atribui\u00e7\u00f5es, as responsabilidades e as obriga\u00e7\u00f5es das partes; a especifica\u00e7\u00e3o das metas de desempenho e dos resultados a serem alcan\u00e7ados pela OS; assim como a previs\u00e3o do montante de recursos p\u00fablicos necess\u00e1rios ao cumprimento do contrato que ser\u00e1 transferido para a entidade. \u00c9 celebrado entre a OS e o \u00f3rg\u00e3o ou entidade da \u00e1rea de atua\u00e7\u00e3o em que esteja inserido o objeto social da entidade, sendo supervisionado pelo \u00f3rg\u00e3o ou entidade signat\u00e1rio, a quem a OS deve prestar contas.<\/p>\n<p style=\"padding-left: 30px;\"><strong>Pesquise mais sobre o tema:<\/strong><\/p>\n<p style=\"padding-left: 30px;\">Alternativas de Ger\u00eancia \u2013\u00a0Cole\u00e7\u00e3o Para Entender a Gest\u00e3o do SUS 2015. Dispon\u00edvel em\u00a0<a href=\"http:\/\/www.conass.org.br\/biblioteca\/pdf\/Alternativas-de-Gerencia-de-Unidades-Publicas-de-Saude.pdf\">http:\/\/www.conass.org.br\/biblioteca\/pdf\/Alternativas-de-Gerencia-de-Unidades-Publicas-de-Saude.pdf<\/a>\u00a0(p\u00e1g. 65)<\/p>\n<p>As OSS ampliam a capacidade de ofertar servi\u00e7os \u00e0 popula\u00e7\u00e3o. A parceria entre Poder P\u00fablico e OSS exige capacidade do estado de planejar, regular, fiscalizar e controlar, conhecendo suas metas e seus prazos e a da OSS de ser capaz de garantir efetividade \u00e0s metas p\u00fablicas, com qualidade. Ambas as partes devem se complementar, a primeira ao definir suas pol\u00edticas e realizar suas escolhas quanto \u00e0 execu\u00e7\u00e3o dos servi\u00e7os e a segunda ao cumprir com qualidade e nos prazos definidos as metas estabelecidas no contrato com o setor p\u00fablico.<\/p>\n<p>Quando a parceria \u00e9 bem estabelecida, acompanhada e controlada \u00e9 uma tecnologia de gest\u00e3o por resultados.<\/p>\n<p>Existem quest\u00f5es fundamentais na forma\u00e7\u00e3o de parcerias entre o Poder P\u00fablico e a sociedade civil, como o modelo de OSS, tais como: (i) capacidade para planejar e definir pol\u00edticas p\u00fablicas; (ii) capacidade para definir e regular as parcerias; (iii) fazer as escolhas de gest\u00e3o adequadas aos servi\u00e7os prestados; (iv) ter capacidade regulat\u00f3ria e fiscalizat\u00f3ria de acordo com o bem protegido; (v) n\u00e3o se tornar ref\u00e9m da parceria; (vi) quais os principais requisitos a serem exigidos das entidades, para que elas sejam qualificadas como parceiras; (vii) capacidade do Poder P\u00fablico de definir a demanda, negociar o contrato, acompanhar, avaliar e fiscalizar o alcance dos resultados contratados; (viii) capacidade do Poder P\u00fablico de conferir seguran\u00e7a jur\u00eddica aos institutos administrativos criados; (ix) exist\u00eancia, na sociedade civil, de entidades com capacidade financeira, t\u00e9cnica e operativa para se tornar parceiras do Poder P\u00fablico.<\/p>\n<p style=\"padding-left: 30px;\"><strong>Pesquise mais sobre o tema:<\/strong><\/p>\n<p style=\"padding-left: 30px;\">Alternativas de Ger\u00eancia \u2013\u00a0Cole\u00e7\u00e3o Para Entender a Gest\u00e3o do SUS 2015. Dispon\u00edvel em\u00a0<a href=\"http:\/\/www.conass.org.br\/biblioteca\/pdf\/Alternativas-de-Gerencia-de-Unidades-Publicas-de-Saude.pdf\">http:\/\/www.conass.org.br\/biblioteca\/pdf\/Alternativas-de-Gerencia-de-Unidades-Publicas-de-Saude.pdf<\/a>\u00a0(p\u00e1g. 68)<\/p>\n<p><strong>Saiba mais:<\/strong><\/p>\n<ul class=\"nav nav-list\">\n<li class=\"\"><a href=\"http:\/\/www.conass.org.br\/guiainformacao\/administracao-publica\/#\">2.2 Alternativas de ger\u00eancia<\/a>\n<ul class=\"nav nav-list\">\n<li><a href=\"http:\/\/www.conass.org.br\/guiainformacao\/introducao\">2.2.1 Introdu\u00e7\u00e3o<\/a><\/li>\n<li><a href=\"http:\/\/www.conass.org.br\/guiainformacao\/as-alternativas-de-gerencia-para-as-unidades-publicas-de-saude\">2.2.2 As Alternativas de Ger\u00eancia para as Unidades P\u00fablicas de Sa\u00fade<\/a>\n<ul class=\"nav nav-list\">\n<li><a href=\"http:\/\/www.conass.org.br\/guiainformacao\/administracao-direta\">2.2.2.1 Administra\u00e7\u00e3o Direta<\/a><\/li>\n<li><a href=\"http:\/\/www.conass.org.br\/guiainformacao\/administracao-indireta\">2.2.2.2 Administra\u00e7\u00e3o Indireta<\/a>\n<ul class=\"nav nav-list\">\n<li><a href=\"http:\/\/www.conass.org.br\/guiainformacao\/autarquia\">Autarquia<\/a><\/li>\n<li><a href=\"http:\/\/www.conass.org.br\/guiainformacao\/fundacao-publica\">Funda\u00e7\u00e3o P\u00fablica<\/a><\/li>\n<li><a href=\"http:\/\/www.conass.org.br\/guiainformacao\/consorcio-publico\">Cons\u00f3rcio P\u00fablico<\/a><\/li>\n<li><a href=\"http:\/\/www.conass.org.br\/guiainformacao\/empresa-estatal\">Empresa Estatal<\/a><\/li>\n<li><a href=\"http:\/\/www.conass.org.br\/guiainformacao\/servico-social-autonomo\">Servi\u00e7o Social Aut\u00f4nomo<\/a><\/li>\n<li><a href=\"http:\/\/www.conass.org.br\/guiainformacao\/organizacao-social\">Organiza\u00e7\u00e3o Social<\/a><\/li>\n<li><a href=\"http:\/\/www.conass.org.br\/guiainformacao\/organizacao-da%E2%80%A6eresse-publico\">Organiza\u00e7\u00f5es da Sociedade Civil de Interesse P\u00fablico<\/a><\/li>\n<li><a href=\"http:\/\/www.conass.org.br\/guiainformacao\/fundacao-de-apoio\">Funda\u00e7\u00e3o de Apoio<\/a><\/li>\n<li><a href=\"http:\/\/www.conass.org.br\/guiainformacao\/parceria-publico-privada\">Parceria P\u00fablico Privada<\/a><\/li>\n<\/ul>\n<\/li>\n<\/ul>\n<\/li>\n<\/ul>\n<\/li>\n<\/ul>\n","protected":false},"excerpt":{"rendered":"<p>Organiza\u00e7\u00e3o Social (OS)\u00a0\u00e9 um t\u00edtulo concedido pelo Poder P\u00fablico a uma associa\u00e7\u00e3o ou funda\u00e7\u00e3o privada, regida pelo C\u00f3digo Civil e institu\u00edda por particulares, para a celebra\u00e7\u00e3o de rela\u00e7\u00e3o de parceria e fomento para a realiza\u00e7\u00e3o de atividade de interesse p\u00fablico, de longo prazo. Essa forma de colabora\u00e7\u00e3o com entidades civis sem fins lucrativos foi primeiramente [&hellip;]<\/p>\n","protected":false},"author":1,"featured_media":0,"parent":0,"menu_order":42,"comment_status":"open","ping_status":"open","template":"","meta":{"_exactmetrics_skip_tracking":false,"_exactmetrics_sitenote_active":false,"_exactmetrics_sitenote_note":"","_exactmetrics_sitenote_category":0,"footnotes":""},"class_list":["post-10639","page","type-page","status-publish","hentry"],"_links":{"self":[{"href":"https:\/\/www.conass.org.br\/guiainformacao\/wp-json\/wp\/v2\/pages\/10639","targetHints":{"allow":["GET"]}}],"collection":[{"href":"https:\/\/www.conass.org.br\/guiainformacao\/wp-json\/wp\/v2\/pages"}],"about":[{"href":"https:\/\/www.conass.org.br\/guiainformacao\/wp-json\/wp\/v2\/types\/page"}],"author":[{"embeddable":true,"href":"https:\/\/www.conass.org.br\/guiainformacao\/wp-json\/wp\/v2\/users\/1"}],"replies":[{"embeddable":true,"href":"https:\/\/www.conass.org.br\/guiainformacao\/wp-json\/wp\/v2\/comments?post=10639"}],"version-history":[{"count":6,"href":"https:\/\/www.conass.org.br\/guiainformacao\/wp-json\/wp\/v2\/pages\/10639\/revisions"}],"predecessor-version":[{"id":12558,"href":"https:\/\/www.conass.org.br\/guiainformacao\/wp-json\/wp\/v2\/pages\/10639\/revisions\/12558"}],"wp:attachment":[{"href":"https:\/\/www.conass.org.br\/guiainformacao\/wp-json\/wp\/v2\/media?parent=10639"}],"curies":[{"name":"wp","href":"https:\/\/api.w.org\/{rel}","templated":true}]}}