{"id":10655,"date":"2016-04-18T17:36:48","date_gmt":"2016-04-18T20:36:48","guid":{"rendered":"http:\/\/www.conass.org.br\/guiainformacao\/?page_id=10655"},"modified":"2016-05-05T07:44:28","modified_gmt":"2016-05-05T10:44:28","slug":"instrumentos-de-planejamento-no-sus","status":"publish","type":"page","link":"https:\/\/www.conass.org.br\/guiainformacao\/instrumentos-de-planejamento-no-sus\/","title":{"rendered":"Instrumentos de planejamento no SUS"},"content":{"rendered":"<p>Para Matus (1989), planejamento \u00e9 o c\u00e1lculo que precede e preside a a\u00e7\u00e3o. No SUS, a elabora\u00e7\u00e3o dos instrumentos de planejamento definidos na legisla\u00e7\u00e3o s\u00e3o condicionantes para a transfer\u00eancia de recursos financeiros.<\/p>\n<p>Os instrumentos para o planejamento e gest\u00e3o no \u00e2mbito do SUS s\u00e3o: o Plano de Sa\u00fade e as respectivas Programa\u00e7\u00f5es Anuais e o Relat\u00f3rio de Gest\u00e3o. Estes instrumentos se interligam sequencialmente compondo um processo c\u00edclico de planejamento e gest\u00e3o para operacionaliza\u00e7\u00e3o integrada, solid\u00e1ria e sist\u00eamica do SUS.<\/p>\n<p>As normas exigem o cumprimento dos prazos para a elabora\u00e7\u00e3o desses instrumentos e os gestores devem observar a l\u00f3gica desse ciclo de planejamento no setor sa\u00fade.<\/p>\n<p>&nbsp;<\/p>\n<p style=\"text-align: center;\"><strong>Agenda do gestor segundo o ciclo de planejamento no SUS<\/strong><\/p>\n<p style=\"text-align: center;\"><a href=\"http:\/\/www.conass.org.br\/guiainformacao\/wp-content\/uploads\/2016\/04\/Agenda-do-gestor-segundo-o-ciclo-de-planejamento-no-SUS_Pa\u0301gina_1.png\"><img fetchpriority=\"high\" decoding=\"async\" class=\"alignnone size-large wp-image-12573\" src=\"http:\/\/www.conass.org.br\/guiainformacao\/wp-content\/uploads\/2016\/04\/Agenda-do-gestor-segundo-o-ciclo-de-planejamento-no-SUS_Pa\u0301gina_1-781x1024.png\" alt=\"Agenda do gestor segundo o ciclo de planejamento no SUS_Pa\u0301gina_1\" width=\"781\" height=\"1024\" srcset=\"https:\/\/www.conass.org.br\/guiainformacao\/wp-content\/uploads\/2016\/04\/Agenda-do-gestor-segundo-o-ciclo-de-planejamento-no-SUS_Pa\u0301gina_1-781x1024.png 781w, https:\/\/www.conass.org.br\/guiainformacao\/wp-content\/uploads\/2016\/04\/Agenda-do-gestor-segundo-o-ciclo-de-planejamento-no-SUS_Pa\u0301gina_1-229x300.png 229w, https:\/\/www.conass.org.br\/guiainformacao\/wp-content\/uploads\/2016\/04\/Agenda-do-gestor-segundo-o-ciclo-de-planejamento-no-SUS_Pa\u0301gina_1.png 1565w\" sizes=\"(max-width: 781px) 100vw, 781px\" \/><\/a><\/p>\n<p style=\"text-align: center;\"><a href=\"http:\/\/www.conass.org.br\/guiainformacao\/wp-content\/uploads\/2016\/04\/Agenda-do-gestor-segundo-o-ciclo-de-planejamento-no-SUS_Pa\u0301gina_2.png\"><img decoding=\"async\" class=\"alignnone size-large wp-image-12575\" src=\"http:\/\/www.conass.org.br\/guiainformacao\/wp-content\/uploads\/2016\/04\/Agenda-do-gestor-segundo-o-ciclo-de-planejamento-no-SUS_Pa\u0301gina_2-781x1024.png\" alt=\"Agenda do gestor segundo o ciclo de planejamento no SUS_Pa\u0301gina_2\" width=\"781\" height=\"1024\" srcset=\"https:\/\/www.conass.org.br\/guiainformacao\/wp-content\/uploads\/2016\/04\/Agenda-do-gestor-segundo-o-ciclo-de-planejamento-no-SUS_Pa\u0301gina_2-781x1024.png 781w, https:\/\/www.conass.org.br\/guiainformacao\/wp-content\/uploads\/2016\/04\/Agenda-do-gestor-segundo-o-ciclo-de-planejamento-no-SUS_Pa\u0301gina_2-229x300.png 229w, https:\/\/www.conass.org.br\/guiainformacao\/wp-content\/uploads\/2016\/04\/Agenda-do-gestor-segundo-o-ciclo-de-planejamento-no-SUS_Pa\u0301gina_2.png 1565w\" sizes=\"(max-width: 781px) 100vw, 781px\" \/><\/a><\/p>\n<p style=\"text-align: center;\"><a href=\"http:\/\/www.conass.org.br\/guiainformacao\/wp-content\/uploads\/2016\/04\/Agenda-do-gestor-segundo-o-ciclo-de-planejamento-no-SUS_Pa\u0301gina_3.png\"><img decoding=\"async\" class=\"alignnone size-large wp-image-12576\" src=\"http:\/\/www.conass.org.br\/guiainformacao\/wp-content\/uploads\/2016\/04\/Agenda-do-gestor-segundo-o-ciclo-de-planejamento-no-SUS_Pa\u0301gina_3-781x1024.png\" alt=\"Agenda do gestor segundo o ciclo de planejamento no SUS_Pa\u0301gina_3\" width=\"781\" height=\"1024\" srcset=\"https:\/\/www.conass.org.br\/guiainformacao\/wp-content\/uploads\/2016\/04\/Agenda-do-gestor-segundo-o-ciclo-de-planejamento-no-SUS_Pa\u0301gina_3-781x1024.png 781w, https:\/\/www.conass.org.br\/guiainformacao\/wp-content\/uploads\/2016\/04\/Agenda-do-gestor-segundo-o-ciclo-de-planejamento-no-SUS_Pa\u0301gina_3-229x300.png 229w, https:\/\/www.conass.org.br\/guiainformacao\/wp-content\/uploads\/2016\/04\/Agenda-do-gestor-segundo-o-ciclo-de-planejamento-no-SUS_Pa\u0301gina_3.png 1565w\" sizes=\"(max-width: 781px) 100vw, 781px\" \/><\/a><\/p>\n<p>&nbsp;<\/p>\n<p>&nbsp;<\/p>\n<p><strong>Saiba mais:<\/strong><\/p>\n<ul class=\"\">\n<li class=\"\"><a href=\"http:\/\/www.conass.org.br\/guiainformacao\/planejamento-e-orcamento-no-sus\">3. O processo de planejamento e o ciclo or\u00e7ament\u00e1rio<\/a>\n<ul class=\"nav nav-list\">\n<li><a href=\"http:\/\/www.conass.org.br\/guiainformacao\/normas-que-conduzem-o-processo-de-planejamento-no-sus\">3.1 Normas que conduzem o processo de planejamento no SUS<\/a><\/li>\n<li><a href=\"http:\/\/www.conass.org.br\/guiainformacao\/instrumentos-de-planejamento-no-sus\">3.2 Instrumentos de planejamento no SUS<\/a>\n<ul class=\"nav nav-list\">\n<li><a href=\"http:\/\/www.conass.org.br\/guiainformacao\/plano-de-saude\">3.2.1 Plano de Sa\u00fade<\/a><\/li>\n<li><a href=\"http:\/\/www.conass.org.br\/guiainformacao\/programacao-anual-de-saude\">3.2.2 Programa\u00e7\u00e3o Anual de Sa\u00fade<\/a><\/li>\n<li><a href=\"http:\/\/www.conass.org.br\/guiainformacao\/relatorio-de-gestao\">3.2.3 Relat\u00f3rio de Gest\u00e3o<\/a><\/li>\n<\/ul>\n<\/li>\n<\/ul>\n<\/li>\n<\/ul>\n","protected":false},"excerpt":{"rendered":"<p>Para Matus (1989), planejamento \u00e9 o c\u00e1lculo que precede e preside a a\u00e7\u00e3o. No SUS, a elabora\u00e7\u00e3o dos instrumentos de planejamento definidos na legisla\u00e7\u00e3o s\u00e3o condicionantes para a transfer\u00eancia de recursos financeiros. Os instrumentos para o planejamento e gest\u00e3o no \u00e2mbito do SUS s\u00e3o: o Plano de Sa\u00fade e as respectivas Programa\u00e7\u00f5es Anuais e o [&hellip;]<\/p>\n","protected":false},"author":1,"featured_media":0,"parent":0,"menu_order":47,"comment_status":"open","ping_status":"open","template":"","meta":{"_exactmetrics_skip_tracking":false,"_exactmetrics_sitenote_active":false,"_exactmetrics_sitenote_note":"","_exactmetrics_sitenote_category":0,"footnotes":""},"class_list":["post-10655","page","type-page","status-publish","hentry"],"_links":{"self":[{"href":"https:\/\/www.conass.org.br\/guiainformacao\/wp-json\/wp\/v2\/pages\/10655","targetHints":{"allow":["GET"]}}],"collection":[{"href":"https:\/\/www.conass.org.br\/guiainformacao\/wp-json\/wp\/v2\/pages"}],"about":[{"href":"https:\/\/www.conass.org.br\/guiainformacao\/wp-json\/wp\/v2\/types\/page"}],"author":[{"embeddable":true,"href":"https:\/\/www.conass.org.br\/guiainformacao\/wp-json\/wp\/v2\/users\/1"}],"replies":[{"embeddable":true,"href":"https:\/\/www.conass.org.br\/guiainformacao\/wp-json\/wp\/v2\/comments?post=10655"}],"version-history":[{"count":7,"href":"https:\/\/www.conass.org.br\/guiainformacao\/wp-json\/wp\/v2\/pages\/10655\/revisions"}],"predecessor-version":[{"id":12577,"href":"https:\/\/www.conass.org.br\/guiainformacao\/wp-json\/wp\/v2\/pages\/10655\/revisions\/12577"}],"wp:attachment":[{"href":"https:\/\/www.conass.org.br\/guiainformacao\/wp-json\/wp\/v2\/media?parent=10655"}],"curies":[{"name":"wp","href":"https:\/\/api.w.org\/{rel}","templated":true}]}}