{"id":11280,"date":"2016-04-25T13:27:30","date_gmt":"2016-04-25T16:27:30","guid":{"rendered":"http:\/\/www.conass.org.br\/guiainformacao\/?page_id=11280"},"modified":"2016-05-05T09:21:36","modified_gmt":"2016-05-05T12:21:36","slug":"o-decreto-no-7-827-de-16-de-outubro-de-2012","status":"publish","type":"page","link":"https:\/\/www.conass.org.br\/guiainformacao\/o-decreto-no-7-827-de-16-de-outubro-de-2012\/","title":{"rendered":"O Decreto n\u00ba 7.827, de 16 de outubro de 2012"},"content":{"rendered":"<p>O <a href=\"http:\/\/www.planalto.gov.br\/ccivil_03\/_Ato2011-2014\/2012\/Decreto\/D7827.htm\" target=\"_blank\">Decreto n\u00ba 7.827\/2012<\/a> regulamenta os procedimentos de condicionamento e restabelecimento das transfer\u00eancias de recursos provenientes das receitas de que trata o inciso II do caput do art. 158, as al\u00edneas \u201ca\u201d e \u201cb\u201d do inciso I e o inciso II do caput do art. 159 da <a href=\"http:\/\/www.planalto.gov.br\/ccivil_03\/Constituicao\/Constituicao.htm\" target=\"_blank\">Constitui\u00e7\u00e3o Federal<\/a>, disp\u00f5e sobre os procedimentos de suspens\u00e3o e restabelecimento das transfer\u00eancias volunt\u00e1rias da Uni\u00e3o, nos casos de descumprimento da aplica\u00e7\u00e3o dos recursos em a\u00e7\u00f5es e servi\u00e7os p\u00fablicos de sa\u00fade de que trata a <a href=\"http:\/\/www.planalto.gov.br\/ccivil_03\/leis\/LCP\/Lcp141.htm\" target=\"_blank\">Lei Complementar n\u00ba 141<\/a>, de 13 de janeiro de 2012.<\/p>\n<p>O <a href=\"http:\/\/siops.datasus.gov.br\/\" target=\"_blank\">Sistema de Informa\u00e7\u00f5es sobre Or\u00e7amentos P\u00fablicos em Sa\u00fade &#8211; Siops<\/a> \u00e9 o sistema informatizado de acesso p\u00fablico, gerido pelo Minist\u00e9rio da Sa\u00fade, para o registro eletr\u00f4nico centralizado das informa\u00e7\u00f5es de sa\u00fade referentes aos or\u00e7amentos p\u00fablicos da Uni\u00e3o, dos Estados, do Distrito Federal e dos Munic\u00edpios.<\/p>\n<p>A estrutura do Siops, gerido pelo Minist\u00e9rio da Sa\u00fade, observar\u00e1 os seguintes requisitos m\u00ednimos:<\/p>\n<ol>\n<li>registro obrigat\u00f3rio e atualiza\u00e7\u00e3o permanente dos dados no Sistema pela Uni\u00e3o, Estados, Distrito Federal e Munic\u00edpios;<\/li>\n<li>informatiza\u00e7\u00e3o dos processos de declara\u00e7\u00e3o, armazenamento e exporta\u00e7\u00e3o dos dados;<\/li>\n<li>disponibiliza\u00e7\u00e3o do programa de declara\u00e7\u00e3o aos gestores do Sistema \u00danico de Sa\u00fade &#8211; SUS no \u00e2mbito de cada ente da Federa\u00e7\u00e3o, preferencialmente em meio eletr\u00f4nico de acesso p\u00fablico;<\/li>\n<li>c\u00e1lculo autom\u00e1tico dos recursos m\u00ednimos aplicados em a\u00e7\u00f5es e servi\u00e7os p\u00fablicos de sa\u00fade previstos na Lei Complementar n\u00ba 141, de 2012, que deve constituir fonte de informa\u00e7\u00e3o para elabora\u00e7\u00e3o dos demonstrativos cont\u00e1beis e extra cont\u00e1beis;<\/li>\n<li>previs\u00e3o de m\u00f3dulo espec\u00edfico de controle externo, para registro, por parte do Tribunal de Contas com jurisdi\u00e7\u00e3o no territ\u00f3rio de cada ente da Federa\u00e7\u00e3o, das informa\u00e7\u00f5es sobre a aplica\u00e7\u00e3o dos recursos em a\u00e7\u00f5es e servi\u00e7os p\u00fablicos de sa\u00fade, para emiss\u00e3o do parecer pr\u00e9vio divulgado nos termos do art. 48 e art. 56 da <a href=\"http:\/\/www.planalto.gov.br\/ccivil_03\/leis\/LCP\/Lcp101.htm\" target=\"_blank\">Lei Complementar n\u00ba 101<\/a>, de 4 de maio de 2000, sem preju\u00edzo das informa\u00e7\u00f5es declaradas e homologadas pelos gestores do SUS; e<\/li>\n<li>integra\u00e7\u00e3o das informa\u00e7\u00f5es do Siops, por meio de processamento autom\u00e1tico, ao sistema eletr\u00f4nico centralizado de controle das transfer\u00eancias da Uni\u00e3o aos demais entes da Federa\u00e7\u00e3o mantido pelo Minist\u00e9rio da Fazenda para fins de controle do cumprimento do disposto no inciso II do par\u00e1grafo \u00fanico do art. 160 da Constitui\u00e7\u00e3o e no art. 25 da <a href=\"http:\/\/www.planalto.gov.br\/ccivil_03\/leis\/LCP\/Lcp101.htm\" target=\"_blank\">Lei Complementar n\u00ba 101<\/a>, de 2000.<\/li>\n<\/ol>\n<p>O gestor do SUS de cada ente da Federa\u00e7\u00e3o ser\u00e1 respons\u00e1vel pelo registro dos dados no Siops nos prazos definidos pelo Minist\u00e9rio da Sa\u00fade, e pela fidedignidade dos dados homologados, aos quais ser\u00e1 conferida f\u00e9 p\u00fablica para os fins previstos na Lei Complementar n\u00ba 141, de 2012.<\/p>\n<p>O Minist\u00e9rio da Sa\u00fade estabelecer\u00e1 as diretrizes para o funcionamento do Siops e os prazos para o registro e homologa\u00e7\u00e3o das informa\u00e7\u00f5es no Sistema, conforme pactuado entre os gestores do SUS, observado o disposto no art. 52 da Lei Complementar n\u00ba 101, de 2000.<\/p>\n<p>Sem preju\u00edzo das atribui\u00e7\u00f5es pr\u00f3prias do Poder Legislativo e dos Tribunais de Contas, a verifica\u00e7\u00e3o do cumprimento de aplica\u00e7\u00e3o dos percentuais m\u00ednimos em a\u00e7\u00f5es e servi\u00e7os p\u00fablicos de sa\u00fade pelos entes federativos, para fins de condicionamento das transfer\u00eancias constitucionais e suspens\u00e3o das transfer\u00eancias volunt\u00e1rias, em cumprimento ao disposto no \u00a7 1\u00ba do art. 26 da Lei Complementar n\u00ba 141, de 2012, ser\u00e1 realizada por meio das informa\u00e7\u00f5es homologadas no Siops.<\/p>\n<p>O cumprimento ou o descumprimento da aplica\u00e7\u00e3o dos percentuais m\u00ednimos em a\u00e7\u00f5es e servi\u00e7os p\u00fablicos de sa\u00fade ser\u00e1 informado ao Minist\u00e9rio da Fazenda, por meio de processamento autom\u00e1tico das informa\u00e7\u00f5es homologadas no Siops ao:<\/p>\n<ol>\n<li>servi\u00e7o auxiliar de informa\u00e7\u00f5es para transfer\u00eancias volunt\u00e1rias, ou outro que venha a substitu\u00ed-lo; e<\/li>\n<li>agente financeiro respons\u00e1vel pela operacionaliza\u00e7\u00e3o das transfer\u00eancias constitucionais da Uni\u00e3o aos demais entes federativos, para fins de condicionamento das transfer\u00eancias constitucionais de que tratam o art. 158, caput, inciso II, e o art. 159, caput, inciso I, al\u00edneas \u201ca\u201d e \u201cb\u201d, e inciso II, da Constitui\u00e7\u00e3o.<\/li>\n<\/ol>\n<p>O descumprimento da aplica\u00e7\u00e3o efetiva do montante que deixou de ser aplicado em a\u00e7\u00f5es e servi\u00e7os p\u00fablicos de sa\u00fade em exerc\u00edcios anteriores ser\u00e1 informado ao Minist\u00e9rio da Fazenda, por meio de processamento autom\u00e1tico das informa\u00e7\u00f5es homologadas no Siops ao agente financeiro respons\u00e1vel pela operacionaliza\u00e7\u00e3o das transfer\u00eancias constitucionais da Uni\u00e3o aos demais entes federativos , para fins de suspens\u00e3o das transfer\u00eancias constitucionais de que trata a Subse\u00e7\u00e3o II da Se\u00e7\u00e3o I do Cap\u00edtulo IV.<\/p>\n<p>Em caso de verifica\u00e7\u00e3o de descumprimento da aplica\u00e7\u00e3o dos percentuais m\u00ednimos em a\u00e7\u00f5es e servi\u00e7os p\u00fablicos de sa\u00fade e de n\u00e3o aplica\u00e7\u00e3o efetiva do montante que deixou de ser aplicado em a\u00e7\u00f5es e servi\u00e7os p\u00fablicos de sa\u00fade em exerc\u00edcios anteriores, na forma dos arts. 7\u00ba a 10, a Uni\u00e3o:<\/p>\n<ol>\n<li>condicionar\u00e1 o repasse de recursos provenientes das receitas de que tratam o inciso II do caput do art. 158, as al\u00edneas \u201ca\u201d e \u201cb\u201d do inciso I e o inciso II do caput do art. 159, da Constitui\u00e7\u00e3o, ap\u00f3s processadas as reten\u00e7\u00f5es, destina\u00e7\u00f5es, dedu\u00e7\u00f5es e bloqueio de seu interesse; e<\/li>\n<li>suspender\u00e1 as transfer\u00eancias volunt\u00e1rias.<\/li>\n<\/ol>\n<p>As transfer\u00eancias de recursos constitucionais de que trata o art. 12 ser\u00e3o suspensas quando:<\/p>\n<ol start=\"7\">\n<li>adotada a medida preliminar a que se refere a Subse\u00e7\u00e3o I, do <a href=\"http:\/\/www.planalto.gov.br\/ccivil_03\/_Ato2011-2014\/2012\/Decreto\/D7827.htm\" target=\"_blank\">Decreto n\u00ba 7.827\/12<\/a> o ente federativo n\u00e3o comprovar no Siops, no prazo de doze meses, contado do dep\u00f3sito da primeira parcela direcionada ao Fundo de Sa\u00fade, a aplica\u00e7\u00e3o efetiva do montante que deixou de ser aplicado em a\u00e7\u00f5es e servi\u00e7os p\u00fablicos de sa\u00fade em exerc\u00edcios anteriores; ou<\/li>\n<li>n\u00e3o houver declara\u00e7\u00e3o e homologa\u00e7\u00e3o das informa\u00e7\u00f5es no Siops, transcorrido o prazo de trinta dias da emiss\u00e3o de notifica\u00e7\u00e3o autom\u00e1tica do Sistema para os gestores a que se refere o art. 4\u00ba do Decreto n\u00ba 7.827\/12.<\/li>\n<\/ol>\n<p>As transfer\u00eancias volunt\u00e1rias da Uni\u00e3o ser\u00e3o suspensas:<\/p>\n<ol>\n<li>quando constatado o descumprimento da aplica\u00e7\u00e3o dos percentuais m\u00ednimos em a\u00e7\u00f5es e servi\u00e7os p\u00fablicos de sa\u00fade pelos Estados e Munic\u00edpios; e<\/li>\n<li>na aus\u00eancia de declara\u00e7\u00e3o e homologa\u00e7\u00e3o das informa\u00e7\u00f5es no Siops, transcorrido o prazo de trinta dias da emiss\u00e3o de notifica\u00e7\u00e3o autom\u00e1tica do Sistema para os gestores a que se refere o art. 4\u00ba Decreto n\u00ba 7.827\/12.<\/li>\n<\/ol>\n<p>As transfer\u00eancias constitucionais e as transfer\u00eancias volunt\u00e1rias da Uni\u00e3o ser\u00e3o restabelecidas quando o ente federativo benefici\u00e1rio comprovar, por meio de demonstrativo das receitas e despesas com a\u00e7\u00f5es e servi\u00e7os p\u00fablicos de sa\u00fade do RREO, a aplica\u00e7\u00e3o efetiva do adicional relativo ao montante n\u00e3o aplicado em a\u00e7\u00f5es e servi\u00e7os p\u00fablicos de sa\u00fade em exerc\u00edcios anteriores.<\/p>\n<p>&nbsp;<\/p>\n<p><strong>Saiba mais:<\/strong><\/p>\n<ul class=\"\">\n<li class=\"\"><a href=\"http:\/\/www.conass.org.br\/guiainformacao\/gestao-financeira\/#\">4. A gest\u00e3o financeira e o fundo de sa\u00fade<\/a>\n<ul class=\"nav nav-list\">\n<li><a href=\"http:\/\/www.conass.org.br\/guiainformacao\/a-lei-complementar-no-141-de-13-de-janeiro-de-2012\">4.1 A Lei Complementar n\u00ba 141 de 13 de janeiro de 2012<\/a>\n<ul class=\"nav nav-list\">\n<li><a href=\"http:\/\/www.conass.org.br\/guiainformacao\/aplicacao-de-recursos-em-acoes-e-dos-publicos-de-saude\">Da Aplica\u00e7\u00e3o de Recursos em A\u00e7\u00f5es e dos P\u00fablicos de Sa\u00fade<\/a><\/li>\n<li><a href=\"http:\/\/www.conass.org.br\/guiainformacao\/da-transparencia-visibilidade-fiscalizacao-avaliacao-e-controle\">Da Transpar\u00eancia, Visibilidade, Fiscaliza\u00e7\u00e3o, Avalia\u00e7\u00e3o e Controle<\/a><\/li>\n<\/ul>\n<\/li>\n<li><a href=\"http:\/\/www.conass.org.br\/guiainformacao\/o-decreto-no-7-827-de-16-de-outubro-de-2012\">4.1.2 O Decreto n\u00ba 7.827, de 16 de outubro de 2012<\/a><\/li>\n<li><a href=\"http:\/\/www.conass.org.br\/guiainformacao\/a-portaria-no-53-de-16-de-janeiro-de-2013\">4.1.3 A Portaria n\u00ba 53, de 16 de janeiro de 2013<\/a><\/li>\n<li><a href=\"http:\/\/www.conass.org.br\/guiainformacao\/a-emenda-constitucional-no-86-de-17-de-marco-de-2015\">4.1.4 A Emenda Constitucional n\u00ba 86, de 17 de mar\u00e7o de 2015<\/a><\/li>\n<li><a href=\"http:\/\/www.conass.org.br\/guiainformacao\/aplicacao-de-recursos-em-acoes-e-servicos-de-saude\">4.1.5 Aplica\u00e7\u00e3o de recursos em a\u00e7\u00f5es e servi\u00e7os de sa\u00fade<\/a><\/li>\n<li><a href=\"http:\/\/www.conass.org.br\/guiainformacao\/a-gestao-financeira-e-o-ciclo-orcamentario\">4.2 A gest\u00e3o financeira e o ciclo or\u00e7ament\u00e1rio<\/a>\n<ul class=\"nav nav-list\">\n<li><a href=\"http:\/\/www.conass.org.br\/guiainformacao\/plano-de-saude\">Plano Plurianual (PPA)<\/a><\/li>\n<\/ul>\n<\/li>\n<li><a href=\"http:\/\/www.conass.org.br\/guiainformacao\/execucao-orcamentaria-e-financeira\">4.2.3 Execu\u00e7\u00e3o or\u00e7ament\u00e1ria e financeira<\/a><\/li>\n<li><a href=\"http:\/\/www.conass.org.br\/guiainformacao\/planejamento-orcamentario-e-financeiro-sob-enfoque-no-fundo-de-saude\">4.2.4 Planejamento or\u00e7ament\u00e1rio e financeiro sob enfoque no fundo de sa\u00fade<\/a><\/li>\n<li><a href=\"http:\/\/www.conass.org.br\/guiainformacao\/contabilidade-publica\">4.2.5 Contabilidade p\u00fablica<\/a><\/li>\n<li><a href=\"http:\/\/www.conass.org.br\/guiainformacao\/gestao-dos-fundos-de-saude\">4.3 Gest\u00e3o dos Fundos de Sa\u00fade<\/a>\n<ul class=\"nav nav-list\">\n<li><a href=\"http:\/\/www.conass.org.br\/guiainformacao\/fundo-estadual-de-saude\">Fundo Estadual de Sa\u00fade<\/a><\/li>\n<li><a href=\"http:\/\/www.conass.org.br\/guiainformacao\/organizacao-de-fundo-de-saude\">Organiza\u00e7\u00e3o de fundo de sa\u00fade<\/a><\/li>\n<\/ul>\n<\/li>\n<li><a href=\"http:\/\/www.conass.org.br\/guiainformacao\/investimentos-no-sus\">4.4 Investimentos no SUS<\/a>\n<ul class=\"nav nav-list\">\n<li><a href=\"http:\/\/www.conass.org.br\/guiainformacao\/prestacao-de-contas-de-convenios\">Presta\u00e7\u00e3o de contas de conv\u00eanios<\/a><\/li>\n<\/ul>\n<\/li>\n<\/ul>\n<\/li>\n<\/ul>\n","protected":false},"excerpt":{"rendered":"<p>O Decreto n\u00ba 7.827\/2012 regulamenta os procedimentos de condicionamento e restabelecimento das transfer\u00eancias de recursos provenientes das receitas de que trata o inciso II do caput do art. 158, as al\u00edneas \u201ca\u201d e \u201cb\u201d do inciso I e o inciso II do caput do art. 159 da Constitui\u00e7\u00e3o Federal, disp\u00f5e sobre os procedimentos de suspens\u00e3o [&hellip;]<\/p>\n","protected":false},"author":1,"featured_media":0,"parent":0,"menu_order":61,"comment_status":"open","ping_status":"open","template":"","meta":{"_exactmetrics_skip_tracking":false,"_exactmetrics_sitenote_active":false,"_exactmetrics_sitenote_note":"","_exactmetrics_sitenote_category":0,"footnotes":""},"class_list":["post-11280","page","type-page","status-publish","hentry"],"_links":{"self":[{"href":"https:\/\/www.conass.org.br\/guiainformacao\/wp-json\/wp\/v2\/pages\/11280","targetHints":{"allow":["GET"]}}],"collection":[{"href":"https:\/\/www.conass.org.br\/guiainformacao\/wp-json\/wp\/v2\/pages"}],"about":[{"href":"https:\/\/www.conass.org.br\/guiainformacao\/wp-json\/wp\/v2\/types\/page"}],"author":[{"embeddable":true,"href":"https:\/\/www.conass.org.br\/guiainformacao\/wp-json\/wp\/v2\/users\/1"}],"replies":[{"embeddable":true,"href":"https:\/\/www.conass.org.br\/guiainformacao\/wp-json\/wp\/v2\/comments?post=11280"}],"version-history":[{"count":3,"href":"https:\/\/www.conass.org.br\/guiainformacao\/wp-json\/wp\/v2\/pages\/11280\/revisions"}],"predecessor-version":[{"id":12597,"href":"https:\/\/www.conass.org.br\/guiainformacao\/wp-json\/wp\/v2\/pages\/11280\/revisions\/12597"}],"wp:attachment":[{"href":"https:\/\/www.conass.org.br\/guiainformacao\/wp-json\/wp\/v2\/media?parent=11280"}],"curies":[{"name":"wp","href":"https:\/\/api.w.org\/{rel}","templated":true}]}}