{"id":11309,"date":"2016-04-26T05:10:54","date_gmt":"2016-04-26T08:10:54","guid":{"rendered":"http:\/\/www.conass.org.br\/guiainformacao\/?page_id=11309"},"modified":"2016-05-05T12:08:25","modified_gmt":"2016-05-05T15:08:25","slug":"prestacao-de-contas-de-convenios","status":"publish","type":"page","link":"https:\/\/www.conass.org.br\/guiainformacao\/prestacao-de-contas-de-convenios\/","title":{"rendered":"Presta\u00e7\u00e3o de contas de conv\u00eanios"},"content":{"rendered":"<p>Quem quer que receba da Uni\u00e3o ou de entidades a ela vinculadas, direta ou indiretamente, inclusive mediante acordo, ajuste ou conv\u00eanio, recursos financeiros para realizar pesquisas, desenvolver projetos, estudos, campanhas e obras sociais, ou para qualquer outro fim, dever\u00e1 comprovar o seu bom e regular emprego, bem como os resultados alcan\u00e7ados.<\/p>\n<p>O dever de prestar contas, em se tratando de conv\u00eanios, consiste em apresen\u00adtar documenta\u00e7\u00e3o comprobat\u00f3ria da despesa realizada, com recursos financeiros recebidos da Uni\u00e3o, na execu\u00e7\u00e3o do objeto pactuado.<\/p>\n<p>A gest\u00e3o \u00e9 caracterizada n\u00e3o somente pela realiza\u00e7\u00e3o de despesa ou pelos disp\u00eandios financeiros, mas por todo complexo de responsabilidade administrativa, inclusive guarda de bens e recursos p\u00fablicos, mesmo que por curto espa\u00e7o tempo\u00adral. A interpreta\u00e7\u00e3o quanto \u00e0 aus\u00eancia de gest\u00e3o n\u00e3o pode ser invocada para eximir a autoridade de prestar contas.<\/p>\n<p>&nbsp;<\/p>\n<p><strong>4.4.3.3 Tipos de presta\u00e7\u00e3o de contas<\/strong><\/p>\n<p><span style=\"text-decoration: underline;\">Presta\u00e7\u00e3o de contas parcial<\/span><\/p>\n<p>\u00c9 documenta\u00e7\u00e3o apresentada para comprovar a execu\u00e7\u00e3o de uma parcela re\u00adcebida (em caso de conv\u00eanios com tr\u00eas ou mais parcelas) ou sobre a execu\u00e7\u00e3o dos recursos recebidos ao longo do ano (em casos de conv\u00eanios plurianuais).<\/p>\n<p>Conforme a <a href=\"http:\/\/www3.tesouro.fazenda.gov.br\/legislacao\/download\/estados\/IN_STN_1_1997_Convenios\/IN_stn_01_15jan1997_convenios.htm\" target=\"_blank\">IN\/STN n. 01\/1997<\/a> e altera\u00e7\u00f5es, a presta\u00e7\u00e3o de contas parcial deve ser apresentada quando a libera\u00e7\u00e3o dos recursos ocorrer em tr\u00eas ou mais par\u00adcelas, ou seja, a presta\u00e7\u00e3o de contas referente \u00e0 primeira parcela \u00e9 condi\u00e7\u00e3o para a libera\u00e7\u00e3o da terceira; a presta\u00e7\u00e3o referente \u00e0 segunda para a libera\u00e7\u00e3o da quarta, e assim sucessivamente.<\/p>\n<p><span style=\"text-decoration: underline;\">Presta\u00e7\u00e3o de contas final<\/span><\/p>\n<p>A presta\u00e7\u00e3o de contas final \u00e9 a documenta\u00e7\u00e3o comprobat\u00f3ria da despesa, apresentada ao final da execu\u00e7\u00e3o do objeto do Conv\u00eanio de Responsabilidade. Nos casos em que houver presta\u00e7\u00e3o de contas parciais, a presta\u00e7\u00e3o de contas final ser\u00e1 a consolida\u00e7\u00e3o das parciais ao final da execu\u00e7\u00e3o do objeto conveniado.<\/p>\n<p>A presta\u00e7\u00e3o de contas final dever\u00e1 ser apresentada at\u00e9 60 dias ap\u00f3s data final da vig\u00eancia do conv\u00eanio.<\/p>\n<p>A presta\u00e7\u00e3o de contas final dever\u00e1 ser apresentada \u00e0 Divis\u00e3o de Conv\u00eanios e Gest\u00e3o do Minist\u00e9rio da Sa\u00fade, em cada unidade da federa\u00e7\u00e3o ou ao Fundo Nacional de Sa\u00fade, no caso de entidades convenentes localizadas no Distrito Federal.<\/p>\n<p>A documenta\u00e7\u00e3o que comp\u00f5e a presta\u00e7\u00e3o de contas \u00e9 constitu\u00edda de:<\/p>\n<ul>\n<li>Relat\u00f3rio de cumprimento do objeto (Anexo X).<\/li>\n<li>C\u00f3pia do plano de trabalho aprovado.<\/li>\n<li>C\u00f3pia do conv\u00eanio, portaria ou termo simplificado, com as respectivas datas de publica\u00e7\u00e3o.<\/li>\n<li>Relat\u00f3rio de execu\u00e7\u00e3o f\u00edsico-financeira (Anexo XI), evidenciando os recursos rece\u00adbidos, a contrapartida e os rendimentos da aplica\u00e7\u00e3o financeira.<\/li>\n<li>Rela\u00e7\u00e3o de pagamentos efetuados (Anexo XII).<\/li>\n<li>Rela\u00e7\u00e3o de bens adquiridos, produzidos ou constru\u00eddos (Anexo XIII), quando for o caso.<\/li>\n<li>Extrato da conta banc\u00e1ria espec\u00edfica do conv\u00eanio, abrangendo o per\u00edodo do rece\u00adbimento da primeira parcela at\u00e9 o \u00faltimo pagamento e, quando for o caso, a contra\u00adpartida e o ingresso de rendimentos resultantes da aplica\u00e7\u00e3o financeira.<\/li>\n<li>Concilia\u00e7\u00e3o banc\u00e1ria (Anexo XIV), quando for o caso.<\/li>\n<li>C\u00f3pia do termo de aceita\u00e7\u00e3o definitiva da obra, quando for o caso.<\/li>\n<li>Comprovante de recolhimento do saldo dos recursos ao Minist\u00e9rio da Sa\u00fade.<\/li>\n<li>Comprova\u00e7\u00e3o por meio de registro no cart\u00f3rio de registro de im\u00f3veis de averba\u00e7\u00e3o quando se referir a constru\u00e7\u00e3o ou amplia\u00e7\u00e3o de im\u00f3veis.<\/li>\n<li>C\u00f3pia dos despachos adjudicat\u00f3rios e homologa\u00e7\u00e3o das licita\u00e7\u00f5es realizadas ou justificativas para a sua dispensa ou inexigibilidade, com o respectivo embasamento legal.<\/li>\n<\/ul>\n<p>&nbsp;<\/p>\n<p>Para mais detalhes acesse a IN STN n\u00ba 1\/1997 e altera\u00e7\u00f5es que disciplina a celebra\u00e7\u00e3o de conv\u00eanios de natureza financeira que tenham por objeto a execu\u00e7\u00e3o de projetos ou realiza\u00e7\u00e3o de eventos, <a href=\"http:\/\/www3.tesouro.fazenda.gov.br\/legislacao\/download\/estados\/IN_STN_1_1997_Convenios\/IN_stn_01_15jan1997_convenios.htm\" target=\"_blank\">acesse aqui<\/a>.<\/p>\n<p>&nbsp;<\/p>\n<p><strong>4.4.4 Legisla\u00e7\u00e3o Aplic\u00e1vel<\/strong><\/p>\n<ul>\n<li><a href=\"http:\/\/www.planalto.gov.br\/ccivil_03\/leis\/LCP\/Lcp101.htm\">Lei Complementar n\u00ba 101\/2000<\/a>.<\/li>\n<li><a href=\"http:\/\/www.primervida.com.br\/site\/wp-content\/uploads\/legislacao\/abnt14561_2000.pdf\">NBR n\u00ba 14.561\/2000.<\/a><\/li>\n<li><a href=\"http:\/\/bvsms.saude.gov.br\/bvs\/saudelegis\/anvisa\/2006\/rdc0207_17_11_2006.pdf\">RDC Anvisa n\u00ba 185\/<\/a><\/li>\n<li><a href=\"http:\/\/www.planalto.gov.br\/ccivil_03\/leis\/2002\/L10520.htm\">Lei n\u00ba 10.520\/2002<\/a>.<\/li>\n<li><a href=\"http:\/\/bvsms.saude.gov.br\/bvs\/saudelegis\/gm\/2002\/prt2048_05_11_2002.html\">Portaria MS n\u00ba 2.048\/2002<\/a>.<\/li>\n<li><a href=\"http:\/\/www3.tesouro.fazenda.gov.br\/legislacao\/download\/contabilidade\/Port_448_2002.pdf\">Portaria STN n\u00ba 448\/2002.<\/a><\/li>\n<li><a href=\"http:\/\/www.planalto.gov.br\/Ccivil_03\/_ato2004-2006\/2005\/Decreto\/D5504.htm\">Decreto n\u00ba 5.504\/2005.<\/a><\/li>\n<li><a href=\"http:\/\/www.planalto.gov.br\/ccivil_03\/_ato2007-2010\/2007\/Lei\/L11578.htm\">Lei n\u00ba 11.578\/2007<\/a>.<\/li>\n<li><a href=\"http:\/\/www.planalto.gov.br\/ccivil_03\/_ato2007-2010\/2007\/decreto\/d6170.htm\">Decreto n\u00ba 6.170\/2007 e altera\u00e7\u00f5es<\/a>.<\/li>\n<li><a href=\"http:\/\/www.governoeletronico.gov.br\/biblioteca\/arquivos\/portaria-interministerial-no-507-de-24-de-novembro-de-2011\/view\">Portaria Interministerial MF\/MPOG\/CGU n\u00ba 507\/2011<\/a>.<\/li>\n<li><a href=\"http:\/\/www.planalto.gov.br\/ccivil_03\/leis\/LCP\/Lcp141.htm\">Lei Complementar n\u00ba 141\/2012<\/a>.<\/li>\n<li><a href=\"http:\/\/bvsms.saude.gov.br\/bvs\/saudelegis\/gm\/2012\/prt1580_19_07_2012.html\">Portaria GM\/MS n\u00ba 1.580\/2012<\/a>.<\/li>\n<li><a href=\"http:\/\/www3.tesouro.gov.br\/legislacao\/download\/contabilidade\/Portaria_Conjunta_STN_SOF_N01_2012_Alteracao163.pdf\">Portaria Interministerial STN\/SOF n\u00ba 1\/2012.<\/a><\/li>\n<li><a href=\"http:\/\/bvsms.saude.gov.br\/bvs\/saudelegis\/gm\/2013\/prt3134_17_12_2013.html\">Portaria GM\/MS n\u00ba 3.134, de 17 de dezembro de 2013<\/a>.<\/li>\n<li><a href=\"http:\/\/bvsms.saude.gov.br\/bvs\/saudelegis\/gm\/2013\/prt0169_05_02_2013.html\">Portaria GM\/MS n\u00ba 169\/2013<\/a>.<\/li>\n<li><a href=\"http:\/\/www.planalto.gov.br\/ccivil_03\/_Ato2015-2018\/2015\/Lei\/L13242.htm\">Lei n\u00ba 13.242\/2015<\/a><\/li>\n<\/ul>\n<p>&nbsp;<\/p>\n<p><strong>Saiba mais:<\/strong><\/p>\n<ul class=\"\">\n<li class=\"\"><a href=\"http:\/\/www.conass.org.br\/guiainformacao\/gestao-financeira\/#\">4. A gest\u00e3o financeira e o fundo de sa\u00fade<\/a>\n<ul class=\"nav nav-list\">\n<li><a href=\"http:\/\/www.conass.org.br\/guiainformacao\/a-lei-complementar-no-141-de-13-de-janeiro-de-2012\">4.1 A Lei Complementar n\u00ba 141 de 13 de janeiro de 2012<\/a>\n<ul class=\"nav nav-list\">\n<li><a href=\"http:\/\/www.conass.org.br\/guiainformacao\/aplicacao-de-recursos-em-acoes-e-dos-publicos-de-saude\">Da Aplica\u00e7\u00e3o de Recursos em A\u00e7\u00f5es e dos P\u00fablicos de Sa\u00fade<\/a><\/li>\n<li><a href=\"http:\/\/www.conass.org.br\/guiainformacao\/da-transparencia-visibilidade-fiscalizacao-avaliacao-e-controle\">Da Transpar\u00eancia, Visibilidade, Fiscaliza\u00e7\u00e3o, Avalia\u00e7\u00e3o e Controle<\/a><\/li>\n<\/ul>\n<\/li>\n<li><a href=\"http:\/\/www.conass.org.br\/guiainformacao\/o-decreto-no-7-827-de-16-de-outubro-de-2012\">4.1.2 O Decreto n\u00ba 7.827, de 16 de outubro de 2012<\/a><\/li>\n<li><a href=\"http:\/\/www.conass.org.br\/guiainformacao\/a-portaria-no-53-de-16-de-janeiro-de-2013\">4.1.3 A Portaria n\u00ba 53, de 16 de janeiro de 2013<\/a><\/li>\n<li><a href=\"http:\/\/www.conass.org.br\/guiainformacao\/a-emenda-constitucional-no-86-de-17-de-marco-de-2015\">4.1.4 A Emenda Constitucional n\u00ba 86, de 17 de mar\u00e7o de 2015<\/a><\/li>\n<li><a href=\"http:\/\/www.conass.org.br\/guiainformacao\/aplicacao-de-recursos-em-acoes-e-servicos-de-saude\">4.1.5 Aplica\u00e7\u00e3o de recursos em a\u00e7\u00f5es e servi\u00e7os de sa\u00fade<\/a><\/li>\n<li><a href=\"http:\/\/www.conass.org.br\/guiainformacao\/a-gestao-financeira-e-o-ciclo-orcamentario\">4.2 A gest\u00e3o financeira e o ciclo or\u00e7ament\u00e1rio<\/a>\n<ul class=\"nav nav-list\">\n<li><a href=\"http:\/\/www.conass.org.br\/guiainformacao\/plano-de-saude\">Plano Plurianual (PPA)<\/a><\/li>\n<\/ul>\n<\/li>\n<li><a href=\"http:\/\/www.conass.org.br\/guiainformacao\/execucao-orcamentaria-e-financeira\">4.2.3 Execu\u00e7\u00e3o or\u00e7ament\u00e1ria e financeira<\/a><\/li>\n<li><a href=\"http:\/\/www.conass.org.br\/guiainformacao\/planejamento-orcamentario-e-financeiro-sob-enfoque-no-fundo-de-saude\">4.2.4 Planejamento or\u00e7ament\u00e1rio e financeiro sob enfoque no fundo de sa\u00fade<\/a><\/li>\n<li><a href=\"http:\/\/www.conass.org.br\/guiainformacao\/contabilidade-publica\">4.2.5 Contabilidade p\u00fablica<\/a><\/li>\n<li><a href=\"http:\/\/www.conass.org.br\/guiainformacao\/gestao-dos-fundos-de-saude\">4.3 Gest\u00e3o dos Fundos de Sa\u00fade<\/a>\n<ul class=\"nav nav-list\">\n<li><a href=\"http:\/\/www.conass.org.br\/guiainformacao\/fundo-estadual-de-saude\">Fundo Estadual de Sa\u00fade<\/a><\/li>\n<li><a href=\"http:\/\/www.conass.org.br\/guiainformacao\/organizacao-de-fundo-de-saude\">Organiza\u00e7\u00e3o de fundo de sa\u00fade<\/a><\/li>\n<\/ul>\n<\/li>\n<li><a href=\"http:\/\/www.conass.org.br\/guiainformacao\/investimentos-no-sus\">4.4 Investimentos no SUS<\/a>\n<ul class=\"nav nav-list\">\n<li><a href=\"http:\/\/www.conass.org.br\/guiainformacao\/prestacao-de-contas-de-convenios\">Presta\u00e7\u00e3o de contas de conv\u00eanios<\/a><\/li>\n<\/ul>\n<\/li>\n<\/ul>\n<\/li>\n<\/ul>\n<p>&nbsp;<\/p>\n","protected":false},"excerpt":{"rendered":"<p>Quem quer que receba da Uni\u00e3o ou de entidades a ela vinculadas, direta ou indiretamente, inclusive mediante acordo, ajuste ou conv\u00eanio, recursos financeiros para realizar pesquisas, desenvolver projetos, estudos, campanhas e obras sociais, ou para qualquer outro fim, dever\u00e1 comprovar o seu bom e regular emprego, bem como os resultados alcan\u00e7ados. O dever de prestar [&hellip;]<\/p>\n","protected":false},"author":1,"featured_media":0,"parent":0,"menu_order":74,"comment_status":"open","ping_status":"open","template":"","meta":{"_exactmetrics_skip_tracking":false,"_exactmetrics_sitenote_active":false,"_exactmetrics_sitenote_note":"","_exactmetrics_sitenote_category":0,"footnotes":""},"class_list":["post-11309","page","type-page","status-publish","hentry"],"_links":{"self":[{"href":"https:\/\/www.conass.org.br\/guiainformacao\/wp-json\/wp\/v2\/pages\/11309","targetHints":{"allow":["GET"]}}],"collection":[{"href":"https:\/\/www.conass.org.br\/guiainformacao\/wp-json\/wp\/v2\/pages"}],"about":[{"href":"https:\/\/www.conass.org.br\/guiainformacao\/wp-json\/wp\/v2\/types\/page"}],"author":[{"embeddable":true,"href":"https:\/\/www.conass.org.br\/guiainformacao\/wp-json\/wp\/v2\/users\/1"}],"replies":[{"embeddable":true,"href":"https:\/\/www.conass.org.br\/guiainformacao\/wp-json\/wp\/v2\/comments?post=11309"}],"version-history":[{"count":3,"href":"https:\/\/www.conass.org.br\/guiainformacao\/wp-json\/wp\/v2\/pages\/11309\/revisions"}],"predecessor-version":[{"id":12626,"href":"https:\/\/www.conass.org.br\/guiainformacao\/wp-json\/wp\/v2\/pages\/11309\/revisions\/12626"}],"wp:attachment":[{"href":"https:\/\/www.conass.org.br\/guiainformacao\/wp-json\/wp\/v2\/media?parent=11309"}],"curies":[{"name":"wp","href":"https:\/\/api.w.org\/{rel}","templated":true}]}}