{"id":12748,"date":"2016-09-19T08:23:37","date_gmt":"2016-09-19T11:23:37","guid":{"rendered":"http:\/\/www.conass.org.br\/guiainformacao\/?page_id=12748"},"modified":"2016-09-21T07:03:51","modified_gmt":"2016-09-21T10:03:51","slug":"complexo-regulador","status":"publish","type":"page","link":"https:\/\/www.conass.org.br\/guiainformacao\/complexo-regulador\/","title":{"rendered":"COMPLEXO REGULADOR"},"content":{"rendered":"<p>Os complexos reguladores consistem na articula\u00e7\u00e3o e na integra\u00e7\u00e3o de centrais de aten\u00e7\u00e3o a interna\u00e7\u00f5es de urg\u00eancia e emerg\u00eancia ou eletivas, a consultas e a servi\u00e7os especializados e a sistemas de apoio diagn\u00f3stico e terap\u00eautico, com base em protocolos de aten\u00e7\u00e3o \u00e0 sa\u00fade. A opera\u00e7\u00e3o dos complexos reguladores, no que concerne \u00e0s transfer\u00eancias intermunicipais, pode ser feita de tr\u00eas formas: pelo <strong>gestor estadual<\/strong> que se relacionar\u00e1 com a <strong>central municipal<\/strong> que faz a gest\u00e3o do prestador; pelo <strong>gestor estadual<\/strong> que se relacionar\u00e1 diretamente com o <strong>prestador <\/strong>quando estiver com a gest\u00e3o estadual; ou pelo <strong>gestor municipal<\/strong>, com <strong>cogest\u00e3o do estado<\/strong> e representa\u00e7\u00e3o dos munic\u00edpios da regi\u00e3o (Brasil, 2006).<\/p>\n<p>&nbsp;<\/p>\n<p>Os complexos reguladores comp\u00f5em os sistemas log\u00edsticos, um dos componentes das redes de Aten\u00e7\u00e3o \u00e0 Sa\u00fade que garantem uma organiza\u00e7\u00e3o racional dos fluxos e contrafluxos de informa\u00e7\u00f5es, produtos e usu\u00e1rios nas Redes de Aten\u00e7\u00e3o \u00e0 Sa\u00fade (Mendes, 2009).<\/p>\n<p>&nbsp;<\/p>\n<p><strong>Saiba mais:<\/strong><\/p>\n<ul class=\"nav nav-list\">\n<li><a href=\"..\/complexo-regulador\">5.4 Complexo Regulador<\/a>\n<ul class=\"nav nav-list\">\n<li><a href=\"..\/atribuicoes-do-complexo-regulador\">5.4.1 Atribui\u00e7\u00f5es do Complexo Regulador<\/a><\/li>\n<li><a href=\"..\/estrutura-dos-complexos-reguladores\">5.4.2 Estrutura dos Complexos Reguladores<\/a><\/li>\n<li><a href=\"..\/composicao-do-complexo-regulador\">5.4.3 Composi\u00e7\u00e3o do Complexo Regulador<\/a><\/li>\n<li><a href=\"..\/modelagem-dos-complexos-reguladores\">5.4.4 Modelagem dos complexos reguladores<\/a><\/li>\n<li><a href=\"..\/atribuicoes-da-equipe-do-complexo-regulador\">5.4.5 Atribui\u00e7\u00f5es da Equipe do Complexo regulador<\/a><\/li>\n<\/ul>\n<\/li>\n<\/ul>\n<p>&nbsp;<\/p>\n","protected":false},"excerpt":{"rendered":"<p>Os complexos reguladores consistem na articula\u00e7\u00e3o e na integra\u00e7\u00e3o de centrais de aten\u00e7\u00e3o a interna\u00e7\u00f5es de urg\u00eancia e emerg\u00eancia ou eletivas, a consultas e a servi\u00e7os especializados e a sistemas de apoio diagn\u00f3stico e terap\u00eautico, com base em protocolos de aten\u00e7\u00e3o \u00e0 sa\u00fade. A opera\u00e7\u00e3o dos complexos reguladores, no que concerne \u00e0s transfer\u00eancias intermunicipais, pode [&hellip;]<\/p>\n","protected":false},"author":1,"featured_media":0,"parent":0,"menu_order":80,"comment_status":"open","ping_status":"open","template":"","meta":{"_exactmetrics_skip_tracking":false,"_exactmetrics_sitenote_active":false,"_exactmetrics_sitenote_note":"","_exactmetrics_sitenote_category":0,"footnotes":""},"class_list":["post-12748","page","type-page","status-publish","hentry"],"_links":{"self":[{"href":"https:\/\/www.conass.org.br\/guiainformacao\/wp-json\/wp\/v2\/pages\/12748","targetHints":{"allow":["GET"]}}],"collection":[{"href":"https:\/\/www.conass.org.br\/guiainformacao\/wp-json\/wp\/v2\/pages"}],"about":[{"href":"https:\/\/www.conass.org.br\/guiainformacao\/wp-json\/wp\/v2\/types\/page"}],"author":[{"embeddable":true,"href":"https:\/\/www.conass.org.br\/guiainformacao\/wp-json\/wp\/v2\/users\/1"}],"replies":[{"embeddable":true,"href":"https:\/\/www.conass.org.br\/guiainformacao\/wp-json\/wp\/v2\/comments?post=12748"}],"version-history":[{"count":7,"href":"https:\/\/www.conass.org.br\/guiainformacao\/wp-json\/wp\/v2\/pages\/12748\/revisions"}],"predecessor-version":[{"id":12852,"href":"https:\/\/www.conass.org.br\/guiainformacao\/wp-json\/wp\/v2\/pages\/12748\/revisions\/12852"}],"wp:attachment":[{"href":"https:\/\/www.conass.org.br\/guiainformacao\/wp-json\/wp\/v2\/media?parent=12748"}],"curies":[{"name":"wp","href":"https:\/\/api.w.org\/{rel}","templated":true}]}}