{"id":12750,"date":"2016-09-19T08:26:20","date_gmt":"2016-09-19T11:26:20","guid":{"rendered":"http:\/\/www.conass.org.br\/guiainformacao\/?page_id=12750"},"modified":"2016-09-21T07:31:36","modified_gmt":"2016-09-21T10:31:36","slug":"atribuicoes-do-complexo-regulador","status":"publish","type":"page","link":"https:\/\/www.conass.org.br\/guiainformacao\/atribuicoes-do-complexo-regulador\/","title":{"rendered":"Atribui\u00e7\u00f5es do Complexo Regulador"},"content":{"rendered":"<p style=\"padding-left: 30px;\">I &#8211; fazer a gest\u00e3o da ocupa\u00e7\u00e3o de leitos e agendas das unidades de sa\u00fade;<\/p>\n<p style=\"padding-left: 30px;\">II &#8211; absorver ou atuar de forma integrada aos processos autorizativos;<\/p>\n<p style=\"padding-left: 30px;\">III &#8211; efetivar o controle dos limites f\u00edsicos e financeiros;<\/p>\n<p style=\"padding-left: 30px;\">IV &#8211; estabelecer e executar crit\u00e9rios de classifica\u00e7\u00e3o de risco; e<\/p>\n<p style=\"padding-left: 30px;\">V &#8211; executar a regula\u00e7\u00e3o m\u00e9dica do processo assistencial.<\/p>\n<p>A a\u00e7\u00e3o regulat\u00f3ria corresponde a quatro processos de trabalho b\u00e1sicos:<\/p>\n<ul style=\"padding-left: 30px;\">\n<li>O levantamento e distribui\u00e7\u00e3o de cotas de procedimentos realizados pelos estabelecimentos executantes para os estabelecimentos solicitantes (com agendamento de hor\u00e1rio ou n\u00e3o);<\/li>\n<li>A busca e disponibiliza\u00e7\u00e3o de leitos hospitalares, sendo o caso.<\/li>\n<li>O processo de autoriza\u00e7\u00e3o pr\u00e9vio \u00e0 execu\u00e7\u00e3o da a\u00e7\u00e3o ou servi\u00e7o de sa\u00fade, por exemplo, das Autoriza\u00e7\u00f5es de Procedimentos de Alta Complexidade\/Custo \u2013 APAC ou da Autoriza\u00e7\u00e3o de Interna\u00e7\u00e3o Hospitalar \u2013 AIH;<\/li>\n<li>A execu\u00e7\u00e3o da a\u00e7\u00e3o regulat\u00f3ria feita por profissional competente, capaz de an\u00e1lise cr\u00edtica e discernimento que o conduzam \u00e0s decis\u00f5es baseadas nas evid\u00eancias.<\/li>\n<\/ul>\n<p>&nbsp;<\/p>\n<p><strong>Saiba mais:<\/strong><\/p>\n<ul class=\"nav nav-list\">\n<li><a href=\"..\/complexo-regulador\">5.4 Complexo Regulador<\/a>\n<ul class=\"nav nav-list\">\n<li><a href=\"..\/atribuicoes-do-complexo-regulador\">5.4.1 Atribui\u00e7\u00f5es do Complexo Regulador<\/a><\/li>\n<li><a href=\"..\/estrutura-dos-complexos-reguladores\">5.4.2 Estrutura dos Complexos Reguladores<\/a><\/li>\n<li><a href=\"..\/composicao-do-complexo-regulador\">5.4.3 Composi\u00e7\u00e3o do Complexo Regulador<\/a><\/li>\n<li><a href=\"..\/modelagem-dos-complexos-reguladores\">5.4.4 Modelagem dos complexos reguladores<\/a><\/li>\n<li><a href=\"..\/atribuicoes-da-equipe-do-complexo-regulador\">5.4.5 Atribui\u00e7\u00f5es da Equipe do Complexo regulador<\/a><\/li>\n<\/ul>\n<\/li>\n<\/ul>\n<p>&nbsp;<\/p>\n","protected":false},"excerpt":{"rendered":"<p>I &#8211; fazer a gest\u00e3o da ocupa\u00e7\u00e3o de leitos e agendas das unidades de sa\u00fade; II &#8211; absorver ou atuar de forma integrada aos processos autorizativos; III &#8211; efetivar o controle dos limites f\u00edsicos e financeiros; IV &#8211; estabelecer e executar crit\u00e9rios de classifica\u00e7\u00e3o de risco; e V &#8211; executar a regula\u00e7\u00e3o m\u00e9dica do processo [&hellip;]<\/p>\n","protected":false},"author":1,"featured_media":0,"parent":0,"menu_order":81,"comment_status":"open","ping_status":"open","template":"","meta":{"_exactmetrics_skip_tracking":false,"_exactmetrics_sitenote_active":false,"_exactmetrics_sitenote_note":"","_exactmetrics_sitenote_category":0,"footnotes":""},"class_list":["post-12750","page","type-page","status-publish","hentry"],"_links":{"self":[{"href":"https:\/\/www.conass.org.br\/guiainformacao\/wp-json\/wp\/v2\/pages\/12750","targetHints":{"allow":["GET"]}}],"collection":[{"href":"https:\/\/www.conass.org.br\/guiainformacao\/wp-json\/wp\/v2\/pages"}],"about":[{"href":"https:\/\/www.conass.org.br\/guiainformacao\/wp-json\/wp\/v2\/types\/page"}],"author":[{"embeddable":true,"href":"https:\/\/www.conass.org.br\/guiainformacao\/wp-json\/wp\/v2\/users\/1"}],"replies":[{"embeddable":true,"href":"https:\/\/www.conass.org.br\/guiainformacao\/wp-json\/wp\/v2\/comments?post=12750"}],"version-history":[{"count":2,"href":"https:\/\/www.conass.org.br\/guiainformacao\/wp-json\/wp\/v2\/pages\/12750\/revisions"}],"predecessor-version":[{"id":12857,"href":"https:\/\/www.conass.org.br\/guiainformacao\/wp-json\/wp\/v2\/pages\/12750\/revisions\/12857"}],"wp:attachment":[{"href":"https:\/\/www.conass.org.br\/guiainformacao\/wp-json\/wp\/v2\/media?parent=12750"}],"curies":[{"name":"wp","href":"https:\/\/api.w.org\/{rel}","templated":true}]}}