{"id":12758,"date":"2016-09-19T08:35:00","date_gmt":"2016-09-19T11:35:00","guid":{"rendered":"http:\/\/www.conass.org.br\/guiainformacao\/?page_id=12758"},"modified":"2016-09-21T07:31:02","modified_gmt":"2016-09-21T10:31:02","slug":"composicao-do-complexo-regulador","status":"publish","type":"page","link":"https:\/\/www.conass.org.br\/guiainformacao\/composicao-do-complexo-regulador\/","title":{"rendered":"Composi\u00e7\u00e3o do Complexo Regulador"},"content":{"rendered":"<p>Segundo a Portaria n\u00ba 1559\/2008 que <strong>Instituiu a Pol\u00edtica Nacional de Regula\u00e7\u00e3o, o<\/strong> Complexo Regulador \u00e9 composto por uma ou mais Centrais de Regula\u00e7\u00e3o podendo ser:<\/p>\n<ol style=\"padding-left: 30px;\">\n<li><strong>Central de Regula\u00e7\u00e3o de Urg\u00eancia<\/strong>: sua a\u00e7\u00e3o \u00e9 executada conforme disposto na Portaria MS\/GM n\u00ba 2.048\/ 2002. Regula o atendimento pr\u00e9-hospitalar de urg\u00eancia, que \u00e9 realizado pelo Servi\u00e7o de Atendimento M\u00f3vel de Urg\u00eancia (SAMU), integrado ao Complexo Regulador permitindo, assim que as a\u00e7\u00f5es estejam em conformidade com os fluxos predeterminados. \u00a0A central de regula\u00e7\u00e3o de eventos agudos \u00e9 definida como a estrutura f\u00edsica constitu\u00edda por profissionais capacitados em regula\u00e7\u00e3o dos chamados telef\u00f4nicos que demandam orienta\u00e7\u00e3o e\/ou atendimento de urg\u00eancia, por meio de uma classifica\u00e7\u00e3o e prioriza\u00e7\u00e3o das necessidades de assist\u00eancia em urg\u00eancia, al\u00e9m de ordenar o fluxo efetivo das refer\u00eancias e contra referencias dentro de uma RAS (Brasil, 2013).<\/li>\n<li><strong>Central de Regula\u00e7\u00e3o de Interna\u00e7\u00f5es<\/strong>: Respons\u00e1vel pela regula\u00e7\u00e3o dos leitos hospitalares dos estabelecimentos de sa\u00fade vinculados ao SUS, pr\u00f3prios, contratados ou conveniados. O escopo da central de interna\u00e7\u00f5es hospitalares deve ser configurado com os leitos das diversas cl\u00ednicas, de UTI e de retaguarda aos prontos-socorros.\u00a0Com a regula\u00e7\u00e3o pr\u00e9via das interna\u00e7\u00f5es hospitalares, o m\u00e9dico regulador avalia a capacidade resolutiva do hospital de origem e apenas decide pela transfer\u00eancia interhospitalar ou intermunicipal, caso os recursos locais sejam insuficientes para o atendimento qualificado ao usu\u00e1rio.<\/li>\n<li>\u00a0<strong>Central de Regula\u00e7\u00e3o Ambulatorial<\/strong>: Respons\u00e1vel pela regula\u00e7\u00e3o do acesso dos pacientes \u00e0s consultas, aos exames especializados e aos Servi\u00e7os Auxiliares de Diagn\u00f3stico e Terapia (SADT).<\/li>\n<\/ol>\n<p>&nbsp;<\/p>\n<p><strong>Saiba mais:<\/strong><\/p>\n<ul class=\"nav nav-list\">\n<li><a href=\"..\/complexo-regulador\">5.4 Complexo Regulador<\/a>\n<ul class=\"nav nav-list\">\n<li><a href=\"..\/atribuicoes-do-complexo-regulador\">5.4.1 Atribui\u00e7\u00f5es do Complexo Regulador<\/a><\/li>\n<li><a href=\"..\/estrutura-dos-complexos-reguladores\">5.4.2 Estrutura dos Complexos Reguladores<\/a><\/li>\n<li><a href=\"..\/composicao-do-complexo-regulador\">5.4.3 Composi\u00e7\u00e3o do Complexo Regulador<\/a><\/li>\n<li><a href=\"..\/modelagem-dos-complexos-reguladores\">5.4.4 Modelagem dos complexos reguladores<\/a><\/li>\n<li><a href=\"..\/atribuicoes-da-equipe-do-complexo-regulador\">5.4.5 Atribui\u00e7\u00f5es da Equipe do Complexo regulador<\/a><\/li>\n<\/ul>\n<\/li>\n<\/ul>\n<p>&nbsp;<\/p>\n","protected":false},"excerpt":{"rendered":"<p>Segundo a Portaria n\u00ba 1559\/2008 que Instituiu a Pol\u00edtica Nacional de Regula\u00e7\u00e3o, o Complexo Regulador \u00e9 composto por uma ou mais Centrais de Regula\u00e7\u00e3o podendo ser: Central de Regula\u00e7\u00e3o de Urg\u00eancia: sua a\u00e7\u00e3o \u00e9 executada conforme disposto na Portaria MS\/GM n\u00ba 2.048\/ 2002. Regula o atendimento pr\u00e9-hospitalar de urg\u00eancia, que \u00e9 realizado pelo Servi\u00e7o de [&hellip;]<\/p>\n","protected":false},"author":1,"featured_media":0,"parent":0,"menu_order":83,"comment_status":"open","ping_status":"open","template":"","meta":{"_exactmetrics_skip_tracking":false,"_exactmetrics_sitenote_active":false,"_exactmetrics_sitenote_note":"","_exactmetrics_sitenote_category":0,"footnotes":""},"class_list":["post-12758","page","type-page","status-publish","hentry"],"_links":{"self":[{"href":"https:\/\/www.conass.org.br\/guiainformacao\/wp-json\/wp\/v2\/pages\/12758","targetHints":{"allow":["GET"]}}],"collection":[{"href":"https:\/\/www.conass.org.br\/guiainformacao\/wp-json\/wp\/v2\/pages"}],"about":[{"href":"https:\/\/www.conass.org.br\/guiainformacao\/wp-json\/wp\/v2\/types\/page"}],"author":[{"embeddable":true,"href":"https:\/\/www.conass.org.br\/guiainformacao\/wp-json\/wp\/v2\/users\/1"}],"replies":[{"embeddable":true,"href":"https:\/\/www.conass.org.br\/guiainformacao\/wp-json\/wp\/v2\/comments?post=12758"}],"version-history":[{"count":5,"href":"https:\/\/www.conass.org.br\/guiainformacao\/wp-json\/wp\/v2\/pages\/12758\/revisions"}],"predecessor-version":[{"id":12854,"href":"https:\/\/www.conass.org.br\/guiainformacao\/wp-json\/wp\/v2\/pages\/12758\/revisions\/12854"}],"wp:attachment":[{"href":"https:\/\/www.conass.org.br\/guiainformacao\/wp-json\/wp\/v2\/media?parent=12758"}],"curies":[{"name":"wp","href":"https:\/\/api.w.org\/{rel}","templated":true}]}}